
{"id":1168,"date":"2016-08-05T09:27:27","date_gmt":"2016-08-05T09:27:27","guid":{"rendered":"http:\/\/martaberrocal.org\/es\/?page_id=1168"},"modified":"2017-02-24T10:10:19","modified_gmt":"2017-02-24T10:10:19","slug":"kitscaixa-hospital","status":"publish","type":"page","link":"https:\/\/martaberrocal.org\/cat\/kitscaixa-hospital\/","title":{"rendered":"Kitscaixa hospital"},"content":{"rendered":"<p>&nbsp;<\/p>\n<p>Haver participat en la conceptualitzaci\u00f3 dels materials did\u00e0ctics d&#8217;una de les caixes tem\u00e0tiques del <a href=\"https:\/\/martaberrocal.org\/cat\/?page_id=1121\">KitsCaixa Hospitals<\/a>, dirigit a nens hospitalitzats, em va donar l&#8217;oportunitat de realitzar sessions de formaci\u00f3 dirigides als grups de voluntaris que dinamitzen les <strong>CiberCaixa Hospital\u00e0ries,<\/strong> amb l&#8217;objectiu que coneguessin els recursos did\u00e0ctics del Kit i poguessin fer-los servir.<\/p>\n<p><img loading=\"lazy\" decoding=\"async\" class=\"wp-image-1978 alignleft\" src=\"https:\/\/martaberrocal.org\/cat\/wp-content\/uploads\/2016\/08\/R-DSC03785-Copiar-300x300.jpg\" alt=\"r-dsc03785-copiar\" width=\"154\" height=\"154\" srcset=\"https:\/\/martaberrocal.org\/cat\/wp-content\/uploads\/2016\/08\/R-DSC03785-Copiar-300x300.jpg 300w, https:\/\/martaberrocal.org\/cat\/wp-content\/uploads\/2016\/08\/R-DSC03785-Copiar-150x150.jpg 150w, https:\/\/martaberrocal.org\/cat\/wp-content\/uploads\/2016\/08\/R-DSC03785-Copiar.jpg 328w\" sizes=\"auto, (max-width: 154px) 100vw, 154px\" \/><\/p>\n<p><strong>Les CiberCaixa Hospital\u00e0ries<\/strong> s\u00f3n espais situats als hospitals, dissenyats espec\u00edficament perqu\u00e8 els nens i nenes puguin relacionar-se entre ells i amb els seus familiars, en un entorn d&#8217;entreteniment, comunicaci\u00f3 i aprenentatge. Intenten contribuir a reduir l&#8217;impacte de l&#8217;hospitalitzaci\u00f3 tant en els menors com en les seves fam\u00edlies. Aquest projecte s&#8217;inscriu dins de les iniciatives que <strong>l&#8217;Obra Social &#8220;la Caixa&#8221;<\/strong> porta a terme en col\u00b7laboraci\u00f3 amb les Conselleries de Sanitat de les diferents comunitats aut\u00f2nomes.<\/p>\n<p>La formaci\u00f3 em va permetre viatjar el 2007 i 2008 als principals hospitals de refer\u00e8ncia de tota Espanya que disposen d&#8217;una Ciberaula, i con\u00e8ixer les persones que desinteressadament comparteixen el seu temps amb els nens.<\/p>\n<p>El voluntariat t\u00e9 un perfil molt divers i vaig poder treballar amb grups de persones de la tercera edat, treballadors corporatius de l&#8217;entitat banc\u00e0ria &#8220;La Caixa&#8221;, joves pertanyents a entitats socials, mestres, etc.<\/p>\n<p>L&#8217;experi\u00e8ncia professional i personal va ser fant\u00e0stica i va despertar en mi un intens desig de poder seguir contribuint d&#8217;alguna manera al benestar dels nens hospitalitzats. En les sessions de formaci\u00f3 no nom\u00e9s ens vam dedicar a descobrir els materials del kit i les possibilitats de posar-los en joc, vam abordar tamb\u00e9 q\u00fcestions relacionades amb les emocions que experimenten els voluntaris en contacte amb els nens i sobre les que experimenten els mateixos nens i les fam\u00edlies.<\/p>\n<p>Vaig compartir amb tots els voluntaris moments entranyables i recordo moltes an\u00e8cdotes d&#8217;aquest <em>tour<\/em> hospitalari. Vaig trobar persones especialment amables, creatives, altruistes, sensibles i afectuoses i vaig aprendre molt\u00edssim de totes elles.<\/p>\n<p>Tamb\u00e9 vaig sentir tristesa en molts moments. Els hospitals no agraden a ning\u00fa i les cares de les persones que trobes en ells denoten molt\u00edssimes vegades preocupaci\u00f3, cansament, angoixa, tristesa, resignaci\u00f3, etc. Tamb\u00e9 esperan\u00e7a.<\/p>\n<p>Transitar pels passadissos i les sales dels hospitals, mirant d&#8217;oferir un somriure reconfortant, es va convertir en un petit objectiu personal en tots els viatges.<\/p>\n<p>Els hospitals on vaig impartir formaci\u00f3 s\u00f3n:<\/p>\n<ul>\n<li>Hospital General Universitari d\u2019Elx<\/li>\n<li>Hospital Universitari Son Dureta, Palma de Mallorca<\/li>\n<li>Complexo Hospitalario d\u2019Ourense<\/li>\n<li>Hospital de Cabue\u00f1es, Gij\u00f3n<\/li>\n<li>Hospital Universitari Central de Ast\u00faries, Oviedo<\/li>\n<li>Hospital San Pedro de Alc\u00e1ntara, C\u00e0ceres<\/li>\n<li>Hospital Universitari de Guadalajara<\/li>\n<li>Hospital Universitari La Paz o Ni\u00f1o Jes\u00fas (ara exactament no ho recordo), Madrid<\/li>\n<li>Hospital Universitari Miguel Servet, Saragossa<\/li>\n<li>Hospital Universitari Donostia, Sant Sebasti\u00e0<\/li>\n<li>Hospital Universitari Reina Sof\u00eda, C\u00f2rdova<\/li>\n<li>Hospital Universitari Virgen del Roc\u00edo, Sevilla<\/li>\n<li>Hospital Universitari Materno-infantil de Gran Can\u00e0ria, Las Palmas de Gran Can\u00e0ria<\/li>\n<li>Hospital General de Fuerteventura Virgen de la Pe\u00f1a, Fuerteventura<\/li>\n<li>Hospital Universitari Doctor Josep Trueta, Girona<\/li>\n<li>Hospital General Universitari de Castell\u00f3 de la Plana<\/li>\n<li>Consorci Hospital General Universitari, Val\u00e8ncia<\/li>\n<li>Hospital Universitari Vall d\u2019Hebron, Barcelona<\/li>\n<\/ul>\n<p>&nbsp;<\/p>\n<p>&nbsp;<\/p>\n<p>&nbsp;<\/p>\n<p>&nbsp;<\/p>\n","protected":false},"excerpt":{"rendered":"<p>&nbsp; Haver participat en la conceptualitzaci\u00f3 dels materials did\u00e0ctics d&#8217;una de les caixes tem\u00e0tiques del KitsCaixa Hospitals, dirigit a nens hospitalitzats, em va donar l&#8217;oportunitat de realitzar sessions de formaci\u00f3 dirigides als grups de voluntaris que dinamitzen les CiberCaixa Hospital\u00e0ries, amb l&#8217;objectiu que coneguessin els recursos did\u00e0ctics del Kit i poguessin fer-los servir. Les CiberCaixa &hellip; <a href=\"https:\/\/martaberrocal.org\/cat\/kitscaixa-hospital\/\" class=\"more-link\">Continua la lectura de <span class=\"screen-reader-text\">Kitscaixa hospital<\/span> <span class=\"meta-nav\">&rarr;<\/span><\/a><\/p>\n","protected":false},"author":1,"featured_media":0,"parent":0,"menu_order":0,"comment_status":"closed","ping_status":"closed","template":"","meta":{"footnotes":""},"class_list":["post-1168","page","type-page","status-publish","hentry"],"_links":{"self":[{"href":"https:\/\/martaberrocal.org\/cat\/wp-json\/wp\/v2\/pages\/1168","targetHints":{"allow":["GET"]}}],"collection":[{"href":"https:\/\/martaberrocal.org\/cat\/wp-json\/wp\/v2\/pages"}],"about":[{"href":"https:\/\/martaberrocal.org\/cat\/wp-json\/wp\/v2\/types\/page"}],"author":[{"embeddable":true,"href":"https:\/\/martaberrocal.org\/cat\/wp-json\/wp\/v2\/users\/1"}],"replies":[{"embeddable":true,"href":"https:\/\/martaberrocal.org\/cat\/wp-json\/wp\/v2\/comments?post=1168"}],"version-history":[{"count":3,"href":"https:\/\/martaberrocal.org\/cat\/wp-json\/wp\/v2\/pages\/1168\/revisions"}],"predecessor-version":[{"id":2649,"href":"https:\/\/martaberrocal.org\/cat\/wp-json\/wp\/v2\/pages\/1168\/revisions\/2649"}],"wp:attachment":[{"href":"https:\/\/martaberrocal.org\/cat\/wp-json\/wp\/v2\/media?parent=1168"}],"curies":[{"name":"wp","href":"https:\/\/api.w.org\/{rel}","templated":true}]}}