
{"id":131,"date":"2016-05-18T10:39:25","date_gmt":"2016-05-18T10:39:25","guid":{"rendered":"http:\/\/marta.ecoresiduos.es\/?page_id=131"},"modified":"2017-01-27T21:24:10","modified_gmt":"2017-01-27T21:24:10","slug":"drago-dragonet","status":"publish","type":"page","link":"https:\/\/martaberrocal.org\/cat\/drago-dragonet\/","title":{"rendered":"Drag\u00f3 dragonet"},"content":{"rendered":"<p>&nbsp;<\/p>\n<figure id=\"attachment_396\" aria-describedby=\"caption-attachment-396\" style=\"width: 225px\" class=\"wp-caption alignleft\"><img loading=\"lazy\" decoding=\"async\" class=\"wp-image-396 size-medium\" src=\"https:\/\/martaberrocal.org\/cat\/wp-content\/uploads\/2016\/05\/DSC03781-Copiar-225x300.jpg\" alt=\"Estoig did\u00e0ctic Drag\u00f3 dragonet\" width=\"225\" height=\"300\" srcset=\"https:\/\/martaberrocal.org\/cat\/wp-content\/uploads\/2016\/05\/DSC03781-Copiar-225x300.jpg 225w, https:\/\/martaberrocal.org\/cat\/wp-content\/uploads\/2016\/05\/DSC03781-Copiar.jpg 360w\" sizes=\"auto, (max-width: 225px) 100vw, 225px\" \/><figcaption id=\"caption-attachment-396\" class=\"wp-caption-text\">Estoig did\u00e0ctic Drag\u00f3 dragonet<\/figcaption><\/figure>\n<p>&nbsp;<\/p>\n<p>&nbsp;<\/p>\n<p>&nbsp;<\/p>\n<p>&nbsp;<\/p>\n<p>&nbsp;<\/p>\n<p>&nbsp;<\/p>\n<p>&nbsp;<\/p>\n<p>&nbsp;<\/p>\n<p><strong>Drag\u00f3 Dragonet<\/strong> \u00e9s un projecte realitzat per al Museu de Ci\u00e8ncies Naturals de Barcelona l&#8217;any 2005 quan el museu estava situat a l&#8217;edifici conegut popularment com el Castell dels Tres Dragons, obra de l&#8217;arquitecte Llu\u00eds Dom\u00e8nech i Montaner.<\/p>\n<p>L&#8217;estoig tenia com a objectiu proporcionar recursos atractius a les fam\u00edlies amb nens que visitaven de forma aut\u00f2noma la Sala de la Classificaci\u00f3 del Regne Animal. Els materials que contenia permetien dur a terme jocs, activitats d&#8217;observaci\u00f3, dibuixos, etc. amb la intenci\u00f3 d&#8217;estimular la curiositat pels \u00e9ssers vius i fomentar el desig de con\u00e8ixer-los i respectar-los.<\/p>\n<p>Quan el museu es va traslladar a la seva nova seu al F\u00f2rum, l&#8217;any 2010, el projecte es va extingir.<\/p>\n<p>&nbsp;<\/p>\n<div id='gallery-1' class='gallery galleryid-131 gallery-columns-3 gallery-size-thumbnail'><figure class='gallery-item'>\n\t\t\t<div class='gallery-icon landscape'>\n\t\t\t\t<a href='https:\/\/martaberrocal.org\/cat\/wp-content\/uploads\/2016\/05\/foto-caixa-provisional-020-Copiar.jpg'><img loading=\"lazy\" decoding=\"async\" width=\"150\" height=\"150\" src=\"https:\/\/martaberrocal.org\/cat\/wp-content\/uploads\/2016\/05\/foto-caixa-provisional-020-Copiar-150x150.jpg\" class=\"attachment-thumbnail size-thumbnail\" alt=\"\" aria-describedby=\"gallery-1-453\" \/><\/a>\n\t\t\t<\/div>\n\t\t\t\t<figcaption class='wp-caption-text gallery-caption' id='gallery-1-453'>\n\t\t\t\tMaterials de l&#8217;estoig\n\t\t\t\t<\/figcaption><\/figure><figure class='gallery-item'>\n\t\t\t<div class='gallery-icon landscape'>\n\t\t\t\t<a href='https:\/\/martaberrocal.org\/cat\/wp-content\/uploads\/2016\/05\/elements-caixa-011-Copiar.jpg'><img loading=\"lazy\" decoding=\"async\" width=\"150\" height=\"150\" src=\"https:\/\/martaberrocal.org\/cat\/wp-content\/uploads\/2016\/05\/elements-caixa-011-Copiar-150x150.jpg\" class=\"attachment-thumbnail size-thumbnail\" alt=\"\" aria-describedby=\"gallery-1-452\" \/><\/a>\n\t\t\t<\/div>\n\t\t\t\t<figcaption class='wp-caption-text gallery-caption' id='gallery-1-452'>\n\t\t\t\tColoracions: camuflatge i advertiment\n\t\t\t\t<\/figcaption><\/figure><figure class='gallery-item'>\n\t\t\t<div class='gallery-icon landscape'>\n\t\t\t\t<a href='https:\/\/martaberrocal.org\/cat\/wp-content\/uploads\/2016\/05\/21-febrer-06-032-Copiar.jpg'><img loading=\"lazy\" decoding=\"async\" width=\"150\" height=\"150\" src=\"https:\/\/martaberrocal.org\/cat\/wp-content\/uploads\/2016\/05\/21-febrer-06-032-Copiar-150x150.jpg\" class=\"attachment-thumbnail size-thumbnail\" alt=\"\" aria-describedby=\"gallery-1-445\" \/><\/a>\n\t\t\t<\/div>\n\t\t\t\t<figcaption class='wp-caption-text gallery-caption' id='gallery-1-445'>\n\t\t\t\tObserva amb la lupa\n\t\t\t\t<\/figcaption><\/figure><figure class='gallery-item'>\n\t\t\t<div class='gallery-icon landscape'>\n\t\t\t\t<a href='https:\/\/martaberrocal.org\/cat\/wp-content\/uploads\/2016\/05\/21-febrer-06-046-Copiar.jpg'><img loading=\"lazy\" decoding=\"async\" width=\"150\" height=\"150\" src=\"https:\/\/martaberrocal.org\/cat\/wp-content\/uploads\/2016\/05\/21-febrer-06-046-Copiar-150x150.jpg\" class=\"attachment-thumbnail size-thumbnail\" alt=\"\" aria-describedby=\"gallery-1-450\" \/><\/a>\n\t\t\t<\/div>\n\t\t\t\t<figcaption class='wp-caption-text gallery-caption' id='gallery-1-450'>\n\t\t\t\tPapallones i erugues\n\t\t\t\t<\/figcaption><\/figure><figure class='gallery-item'>\n\t\t\t<div class='gallery-icon landscape'>\n\t\t\t\t<a href='https:\/\/martaberrocal.org\/cat\/wp-content\/uploads\/2016\/05\/21-febrer-06-033-Copiar.jpg'><img loading=\"lazy\" decoding=\"async\" width=\"150\" height=\"150\" src=\"https:\/\/martaberrocal.org\/cat\/wp-content\/uploads\/2016\/05\/21-febrer-06-033-Copiar-150x150.jpg\" class=\"attachment-thumbnail size-thumbnail\" alt=\"\" aria-describedby=\"gallery-1-446\" \/><\/a>\n\t\t\t<\/div>\n\t\t\t\t<figcaption class='wp-caption-text gallery-caption' id='gallery-1-446'>\n\t\t\t\tTroba les difer\u00e8ncies \n\t\t\t\t<\/figcaption><\/figure><figure class='gallery-item'>\n\t\t\t<div class='gallery-icon landscape'>\n\t\t\t\t<a href='https:\/\/martaberrocal.org\/cat\/wp-content\/uploads\/2016\/05\/21-febrer-06-044-Copiar.jpg'><img loading=\"lazy\" decoding=\"async\" width=\"150\" height=\"150\" src=\"https:\/\/martaberrocal.org\/cat\/wp-content\/uploads\/2016\/05\/21-febrer-06-044-Copiar-150x150.jpg\" class=\"attachment-thumbnail size-thumbnail\" alt=\"\" aria-describedby=\"gallery-1-449\" \/><\/a>\n\t\t\t<\/div>\n\t\t\t\t<figcaption class='wp-caption-text gallery-caption' id='gallery-1-449'>\n\t\t\t\tAparella esquelets marins\n\t\t\t\t<\/figcaption><\/figure>\n\t\t<\/div>\n\n","protected":false},"excerpt":{"rendered":"<p>&nbsp; &nbsp; &nbsp; &nbsp; &nbsp; &nbsp; &nbsp; &nbsp; &nbsp; Drag\u00f3 Dragonet \u00e9s un projecte realitzat per al Museu de Ci\u00e8ncies Naturals de Barcelona l&#8217;any 2005 quan el museu estava situat a l&#8217;edifici conegut popularment com el Castell dels Tres Dragons, obra de l&#8217;arquitecte Llu\u00eds Dom\u00e8nech i Montaner. L&#8217;estoig tenia com a objectiu proporcionar recursos atractius &hellip; <a href=\"https:\/\/martaberrocal.org\/cat\/drago-dragonet\/\" class=\"more-link\">Continua la lectura de <span class=\"screen-reader-text\">Drag\u00f3 dragonet<\/span> <span class=\"meta-nav\">&rarr;<\/span><\/a><\/p>\n","protected":false},"author":1,"featured_media":0,"parent":0,"menu_order":0,"comment_status":"closed","ping_status":"closed","template":"","meta":{"footnotes":""},"class_list":["post-131","page","type-page","status-publish","hentry"],"_links":{"self":[{"href":"https:\/\/martaberrocal.org\/cat\/wp-json\/wp\/v2\/pages\/131","targetHints":{"allow":["GET"]}}],"collection":[{"href":"https:\/\/martaberrocal.org\/cat\/wp-json\/wp\/v2\/pages"}],"about":[{"href":"https:\/\/martaberrocal.org\/cat\/wp-json\/wp\/v2\/types\/page"}],"author":[{"embeddable":true,"href":"https:\/\/martaberrocal.org\/cat\/wp-json\/wp\/v2\/users\/1"}],"replies":[{"embeddable":true,"href":"https:\/\/martaberrocal.org\/cat\/wp-json\/wp\/v2\/comments?post=131"}],"version-history":[{"count":4,"href":"https:\/\/martaberrocal.org\/cat\/wp-json\/wp\/v2\/pages\/131\/revisions"}],"predecessor-version":[{"id":1767,"href":"https:\/\/martaberrocal.org\/cat\/wp-json\/wp\/v2\/pages\/131\/revisions\/1767"}],"wp:attachment":[{"href":"https:\/\/martaberrocal.org\/cat\/wp-json\/wp\/v2\/media?parent=131"}],"curies":[{"name":"wp","href":"https:\/\/api.w.org\/{rel}","templated":true}]}}

Dragó dragonet

<p>&nbsp;</p>
<figure id="attachment_396" aria-describedby="caption-attachment-396" style="width: 225px" class="wp-caption alignleft"><img loading="lazy" decoding="async" class="wp-image-396 size-medium" src="https://martaberrocal.org/cat/wp-content/uploads/2016/05/DSC03781-Copiar-225x300.jpg" alt="Estoig didàctic Dragó dragonet" width="225" height="300" srcset="https://martaberrocal.org/cat/wp-content/uploads/2016/05/DSC03781-Copiar-225x300.jpg 225w, https://martaberrocal.org/cat/wp-content/uploads/2016/05/DSC03781-Copiar.jpg 360w" sizes="auto, (max-width: 225px) 100vw, 225px" /><figcaption id="caption-attachment-396" class="wp-caption-text">Estoig didàctic Dragó dragonet</figcaption></figure>
<p>&nbsp;</p>
<p>&nbsp;</p>
<p>&nbsp;</p>
<p>&nbsp;</p>
<p>&nbsp;</p>
<p>&nbsp;</p>
<p>&nbsp;</p>
<p>&nbsp;</p>
<p><strong>Dragó Dragonet</strong> és un projecte realitzat per al Museu de Ciències Naturals de Barcelona l&#8217;any 2005 quan el museu estava situat a l&#8217;edifici conegut popularment com el Castell dels Tres Dragons, obra de l&#8217;arquitecte Lluís Domènech i Montaner.</p>
<p>L&#8217;estoig tenia com a objectiu proporcionar recursos atractius a les famílies amb nens que visitaven de forma autònoma la Sala de la Classificació del Regne Animal. Els materials que contenia permetien dur a terme jocs, activitats d&#8217;observació, dibuixos, etc. amb la intenció d&#8217;estimular la curiositat pels éssers vius i fomentar el desig de conèixer-los i respectar-los.</p>
<p>Quan el museu es va traslladar a la seva nova seu al Fòrum, l&#8217;any 2010, el projecte es va extingir.</p>
<p>&nbsp;</p>
<div id='gallery-1' class='gallery galleryid-131 gallery-columns-3 gallery-size-thumbnail'><figure class='gallery-item'>
			<div class='gallery-icon landscape'>
				<a href='https://martaberrocal.org/cat/wp-content/uploads/2016/05/foto-caixa-provisional-020-Copiar.jpg'><img loading="lazy" decoding="async" width="150" height="150" src="https://martaberrocal.org/cat/wp-content/uploads/2016/05/foto-caixa-provisional-020-Copiar-150x150.jpg" class="attachment-thumbnail size-thumbnail" alt="" aria-describedby="gallery-1-453" /></a>
			</div>
				<figcaption class='wp-caption-text gallery-caption' id='gallery-1-453'>
				Materials de l&#8217;estoig
				</figcaption></figure><figure class='gallery-item'>
			<div class='gallery-icon landscape'>
				<a href='https://martaberrocal.org/cat/wp-content/uploads/2016/05/elements-caixa-011-Copiar.jpg'><img loading="lazy" decoding="async" width="150" height="150" src="https://martaberrocal.org/cat/wp-content/uploads/2016/05/elements-caixa-011-Copiar-150x150.jpg" class="attachment-thumbnail size-thumbnail" alt="" aria-describedby="gallery-1-452" /></a>
			</div>
				<figcaption class='wp-caption-text gallery-caption' id='gallery-1-452'>
				Coloracions: camuflatge i advertiment
				</figcaption></figure><figure class='gallery-item'>
			<div class='gallery-icon landscape'>
				<a href='https://martaberrocal.org/cat/wp-content/uploads/2016/05/21-febrer-06-032-Copiar.jpg'><img loading="lazy" decoding="async" width="150" height="150" src="https://martaberrocal.org/cat/wp-content/uploads/2016/05/21-febrer-06-032-Copiar-150x150.jpg" class="attachment-thumbnail size-thumbnail" alt="" aria-describedby="gallery-1-445" /></a>
			</div>
				<figcaption class='wp-caption-text gallery-caption' id='gallery-1-445'>
				Observa amb la lupa
				</figcaption></figure><figure class='gallery-item'>
			<div class='gallery-icon landscape'>
				<a href='https://martaberrocal.org/cat/wp-content/uploads/2016/05/21-febrer-06-046-Copiar.jpg'><img loading="lazy" decoding="async" width="150" height="150" src="https://martaberrocal.org/cat/wp-content/uploads/2016/05/21-febrer-06-046-Copiar-150x150.jpg" class="attachment-thumbnail size-thumbnail" alt="" aria-describedby="gallery-1-450" /></a>
			</div>
				<figcaption class='wp-caption-text gallery-caption' id='gallery-1-450'>
				Papallones i erugues
				</figcaption></figure><figure class='gallery-item'>
			<div class='gallery-icon landscape'>
				<a href='https://martaberrocal.org/cat/wp-content/uploads/2016/05/21-febrer-06-033-Copiar.jpg'><img loading="lazy" decoding="async" width="150" height="150" src="https://martaberrocal.org/cat/wp-content/uploads/2016/05/21-febrer-06-033-Copiar-150x150.jpg" class="attachment-thumbnail size-thumbnail" alt="" aria-describedby="gallery-1-446" /></a>
			</div>
				<figcaption class='wp-caption-text gallery-caption' id='gallery-1-446'>
				Troba les diferències 
				</figcaption></figure><figure class='gallery-item'>
			<div class='gallery-icon landscape'>
				<a href='https://martaberrocal.org/cat/wp-content/uploads/2016/05/21-febrer-06-044-Copiar.jpg'><img loading="lazy" decoding="async" width="150" height="150" src="https://martaberrocal.org/cat/wp-content/uploads/2016/05/21-febrer-06-044-Copiar-150x150.jpg" class="attachment-thumbnail size-thumbnail" alt="" aria-describedby="gallery-1-449" /></a>
			</div>
				<figcaption class='wp-caption-text gallery-caption' id='gallery-1-449'>
				Aparella esquelets marins
				</figcaption></figure>
		</div>

<p>&nbsp; &nbsp; &nbsp; &nbsp; &nbsp; &nbsp; &nbsp; &nbsp; &nbsp; Dragó Dragonet és un projecte realitzat per al Museu de Ciències Naturals de Barcelona l&#8217;any 2005 quan el museu estava situat a l&#8217;edifici conegut popularment com el Castell dels Tres Dragons, obra de l&#8217;arquitecte Lluís Domènech i Montaner. L&#8217;estoig tenia com a objectiu proporcionar recursos atractius &hellip; <a href="https://martaberrocal.org/cat/drago-dragonet/" class="more-link">Continua la lectura de <span class="screen-reader-text">Dragó dragonet</span> <span class="meta-nav">&rarr;</span></a></p>
