
{"id":1357,"date":"2016-10-22T15:51:20","date_gmt":"2016-10-22T15:51:20","guid":{"rendered":"http:\/\/martaberrocal.org\/es\/?page_id=1357"},"modified":"2017-05-23T17:00:28","modified_gmt":"2017-05-23T17:00:28","slug":"cultura-del-vi","status":"publish","type":"page","link":"https:\/\/martaberrocal.org\/cat\/cultura-del-vi\/","title":{"rendered":"Cultura del vi"},"content":{"rendered":"<p>&nbsp;<\/p>\n<p><strong>Tast de Vinseum, Qu\u00e8 hi ha dins una copa de vi?<\/strong> \u00e9s un projecte realitzat en 2008 per al Museu de les Cultures del Vi de Catalunya, <a href=\"http:\/\/www.vinseum.cat\/\" target=\"_blank\" rel=\"noopener noreferrer\">VINSEUM.<\/a><\/p>\n<p>L&#8217;enc\u00e0rrec va consistir en la conceptualitzaci\u00f3, disseny i elaboraci\u00f3 dels materials did\u00e0ctics de suport, del taller transdisciplinar: &#8220;<strong>Qu\u00e8 hi ha dins una copa de vi<\/strong>&#8220;. Est\u00e0 dirigit a alumnes d&#8217;educaci\u00f3 secund\u00e0ria, amb l&#8217;objectiu de dinamitzar activitats connectades amb diverses \u00e0rees de coneixement, entorn als diferents \u00e0mbits en qu\u00e8 s&#8217;estructura l&#8217;exposici\u00f3 permanent del museu. Les activitats permeten establir una competici\u00f3 per equips amb l&#8217;objectiu de respondre encertadament a les q\u00fcestions que el joc planteja.<\/p>\n<figure id=\"attachment_350\" aria-describedby=\"caption-attachment-350\" style=\"width: 186px\" class=\"wp-caption alignnone\"><a href=\"http:\/\/martaberrocal.org\/es\/wp-content\/uploads\/2016\/05\/tauler-joc.png\"><img loading=\"lazy\" decoding=\"async\" class=\"wp-image-350 size-medium\" src=\"http:\/\/martaberrocal.org\/es\/wp-content\/uploads\/2016\/05\/tauler-joc-186x300.png\" alt=\"Tauler de joc Tast de Vinseum. Qu\u00e8 hi ha dins de una copa de vi?\" width=\"186\" height=\"300\" \/><\/a><figcaption id=\"caption-attachment-350\" class=\"wp-caption-text\">Tauler de joc Tast de Vinseum. Qu\u00e8 hi ha dins una copa de vi?<\/figcaption><\/figure>\n<p><strong>\u00a0<\/strong>En algun moment que desconec el taller es va deixar d&#8217;impartir.<\/p>\n<p>&nbsp;<\/p>\n","protected":false},"excerpt":{"rendered":"<p>&nbsp; Tast de Vinseum, Qu\u00e8 hi ha dins una copa de vi? \u00e9s un projecte realitzat en 2008 per al Museu de les Cultures del Vi de Catalunya, VINSEUM. L&#8217;enc\u00e0rrec va consistir en la conceptualitzaci\u00f3, disseny i elaboraci\u00f3 dels materials did\u00e0ctics de suport, del taller transdisciplinar: &#8220;Qu\u00e8 hi ha dins una copa de vi&#8220;. Est\u00e0 &hellip; <a href=\"https:\/\/martaberrocal.org\/cat\/cultura-del-vi\/\" class=\"more-link\">Continua la lectura de <span class=\"screen-reader-text\">Cultura del vi<\/span> <span class=\"meta-nav\">&rarr;<\/span><\/a><\/p>\n","protected":false},"author":1,"featured_media":0,"parent":0,"menu_order":0,"comment_status":"closed","ping_status":"closed","template":"","meta":{"footnotes":""},"class_list":["post-1357","page","type-page","status-publish","hentry"],"_links":{"self":[{"href":"https:\/\/martaberrocal.org\/cat\/wp-json\/wp\/v2\/pages\/1357","targetHints":{"allow":["GET"]}}],"collection":[{"href":"https:\/\/martaberrocal.org\/cat\/wp-json\/wp\/v2\/pages"}],"about":[{"href":"https:\/\/martaberrocal.org\/cat\/wp-json\/wp\/v2\/types\/page"}],"author":[{"embeddable":true,"href":"https:\/\/martaberrocal.org\/cat\/wp-json\/wp\/v2\/users\/1"}],"replies":[{"embeddable":true,"href":"https:\/\/martaberrocal.org\/cat\/wp-json\/wp\/v2\/comments?post=1357"}],"version-history":[{"count":6,"href":"https:\/\/martaberrocal.org\/cat\/wp-json\/wp\/v2\/pages\/1357\/revisions"}],"predecessor-version":[{"id":3415,"href":"https:\/\/martaberrocal.org\/cat\/wp-json\/wp\/v2\/pages\/1357\/revisions\/3415"}],"wp:attachment":[{"href":"https:\/\/martaberrocal.org\/cat\/wp-json\/wp\/v2\/media?parent=1357"}],"curies":[{"name":"wp","href":"https:\/\/api.w.org\/{rel}","templated":true}]}}

<p>&nbsp;</p>
<p><strong>Tast de Vinseum, Què hi ha dins una copa de vi?</strong> és un projecte realitzat en 2008 per al Museu de les Cultures del Vi de Catalunya, <a href="http://www.vinseum.cat/" target="_blank" rel="noopener noreferrer">VINSEUM.</a></p>
<p>L&#8217;encàrrec va consistir en la conceptualització, disseny i elaboració dels materials didàctics de suport, del taller transdisciplinar: &#8220;<strong>Què hi ha dins una copa de vi</strong>&#8220;. Està dirigit a alumnes d&#8217;educació secundària, amb l&#8217;objectiu de dinamitzar activitats connectades amb diverses àrees de coneixement, entorn als diferents àmbits en què s&#8217;estructura l&#8217;exposició permanent del museu. Les activitats permeten establir una competició per equips amb l&#8217;objectiu de respondre encertadament a les qüestions que el joc planteja.</p>
<figure id="attachment_350" aria-describedby="caption-attachment-350" style="width: 186px" class="wp-caption alignnone"><a href="http://martaberrocal.org/es/wp-content/uploads/2016/05/tauler-joc.png"><img loading="lazy" decoding="async" class="wp-image-350 size-medium" src="http://martaberrocal.org/es/wp-content/uploads/2016/05/tauler-joc-186x300.png" alt="Tauler de joc Tast de Vinseum. Què hi ha dins de una copa de vi?" width="186" height="300" /></a><figcaption id="caption-attachment-350" class="wp-caption-text">Tauler de joc Tast de Vinseum. Què hi ha dins una copa de vi?</figcaption></figure>
<p><strong> </strong>En algun moment que desconec el taller es va deixar d&#8217;impartir.</p>
<p>&nbsp;</p>

<p>&nbsp; Tast de Vinseum, Què hi ha dins una copa de vi? és un projecte realitzat en 2008 per al Museu de les Cultures del Vi de Catalunya, VINSEUM. L&#8217;encàrrec va consistir en la conceptualització, disseny i elaboració dels materials didàctics de suport, del taller transdisciplinar: &#8220;Què hi ha dins una copa de vi&#8220;. Està &hellip; <a href="https://martaberrocal.org/cat/cultura-del-vi/" class="more-link">Continua la lectura de <span class="screen-reader-text">Cultura del vi</span> <span class="meta-nav">&rarr;</span></a></p>
