
{"id":1784,"date":"2016-11-07T17:37:54","date_gmt":"2016-11-07T17:37:54","guid":{"rendered":"http:\/\/martaberrocal.org\/cat\/?page_id=1784"},"modified":"2017-05-30T09:55:43","modified_gmt":"2017-05-30T09:55:43","slug":"sobirania-alimentaria","status":"publish","type":"page","link":"https:\/\/martaberrocal.org\/cat\/sobirania-alimentaria\/","title":{"rendered":"Sobirania aliment\u00e0ria"},"content":{"rendered":"<p><img loading=\"lazy\" decoding=\"async\" class=\"wp-image-297 alignright\" src=\"https:\/\/martaberrocal.org\/cat\/wp-content\/uploads\/2016\/05\/Portada-copia-Copiar-212x300.jpg\" alt=\"Portada copia (Copiar)\" width=\"164\" height=\"232\" srcset=\"https:\/\/martaberrocal.org\/cat\/wp-content\/uploads\/2016\/05\/Portada-copia-Copiar-212x300.jpg 212w, https:\/\/martaberrocal.org\/cat\/wp-content\/uploads\/2016\/05\/Portada-copia-Copiar.jpg 339w\" sizes=\"auto, (max-width: 164px) 100vw, 164px\" \/><\/p>\n<p>&nbsp;<\/p>\n<p><strong>Soja transg\u00e8nica<\/strong> \u00e9s un projecte realitzat en 2008 per a l&#8217;ONG <a href=\"https:\/\/cat.vsf.org.es\/\" target=\"_blank\" rel=\"noopener noreferrer\">Veterinaris sense fronteres<\/a>, amb el suport de l&#8217;Ag\u00e8ncia Espanyola de Cooperaci\u00f3 Internacional (AECI). Els materials escrits es van editar inicialment en castell\u00e0, catal\u00e0 i gallec. El 2009 es van revisar i es van traduir tamb\u00e9 a l\u2019eusquera.<\/p>\n<p>L&#8217;enc\u00e0rrec va consistir en la conceptualitzaci\u00f3, disseny i elaboraci\u00f3 dels materials did\u00e0ctics de suport del taller: <strong>&#8220;Soja transg\u00e8nica&#8221;.<\/strong> Est\u00e0 dirigit a alumnes d&#8217;educaci\u00f3 prim\u00e0ria, amb l&#8217;objectiu d&#8217;abordar temes de sobirania aliment\u00e0ria i espec\u00edficament sobre les implicacions i repercussions dels cultius latifundistes amb cereals transg\u00e8nics als pa\u00efsos subdesenvolupats de l&#8217;hemisferi sud.<\/p>\n<p>El taller es desenvolupa al voltant d&#8217;una hist\u00f2ria: <strong>La soja. Per saber el que es cou quan alg\u00fa diners mou<\/strong>. Est\u00e0 protagonitzada per personatges de tots dos hemisferis que assumeixen papers i rols diferents d&#8217;una semblan\u00e7a amb la realitat que no \u00e9s pura coincid\u00e8ncia. Intervenen treballadors de multinacionals, consumidors, periodistes, ramaders, metges, pagesos, latifundistes, etc.<\/p>\n<p>Els nens que participen en el taller assumeixen els rols dels personatges i entre tots escenifiquen la narraci\u00f3, que transcorre entre tots dos hemisferis. Un cop finalitzada la teatralitzaci\u00f3 es convida els nens a participar en un debat al voltant dels temes que la hist\u00f2ria posa en relleu, que inclou tamb\u00e9 aspectes \u00e8tics i de valors.<\/p>\n<figure id=\"attachment_1418\" aria-describedby=\"caption-attachment-1418\" style=\"width: 207px\" class=\"wp-caption aligncenter\"><a href=\"https:\/\/martaberrocal.org\/cat\/wp-content\/uploads\/2016\/05\/color-jpg1.jpg\"><img loading=\"lazy\" decoding=\"async\" class=\"wp-image-1418 size-medium\" src=\"https:\/\/martaberrocal.org\/cat\/wp-content\/uploads\/2016\/05\/color-jpg1-207x300.jpg\" alt=\"Personatges que protagonitzen la narraci\u00f3: La soja. Per saber el que es cou quan alg\u00fa diners mou\" width=\"207\" height=\"300\" srcset=\"https:\/\/martaberrocal.org\/cat\/wp-content\/uploads\/2016\/05\/color-jpg1-207x300.jpg 207w, https:\/\/martaberrocal.org\/cat\/wp-content\/uploads\/2016\/05\/color-jpg1-768x1112.jpg 768w, https:\/\/martaberrocal.org\/cat\/wp-content\/uploads\/2016\/05\/color-jpg1-707x1024.jpg 707w, https:\/\/martaberrocal.org\/cat\/wp-content\/uploads\/2016\/05\/color-jpg1.jpg 1713w\" sizes=\"auto, (max-width: 207px) 100vw, 207px\" \/><\/a><figcaption id=\"caption-attachment-1418\" class=\"wp-caption-text\">Personatges que protagonitzen la narraci\u00f3: <strong>La soja. Per saber el que es cou quan alg\u00fa diners mou<\/strong><\/figcaption><\/figure>\n<p>&nbsp;<\/p>\n<p>Les il\u00b7lustracions del projecte s\u00f3n obra de Serafina Balasch<\/p>\n<p>&nbsp;<\/p>\n","protected":false},"excerpt":{"rendered":"<p>&nbsp; Soja transg\u00e8nica \u00e9s un projecte realitzat en 2008 per a l&#8217;ONG Veterinaris sense fronteres, amb el suport de l&#8217;Ag\u00e8ncia Espanyola de Cooperaci\u00f3 Internacional (AECI). Els materials escrits es van editar inicialment en castell\u00e0, catal\u00e0 i gallec. El 2009 es van revisar i es van traduir tamb\u00e9 a l\u2019eusquera. L&#8217;enc\u00e0rrec va consistir en la conceptualitzaci\u00f3, &hellip; <a href=\"https:\/\/martaberrocal.org\/cat\/sobirania-alimentaria\/\" class=\"more-link\">Continua la lectura de <span class=\"screen-reader-text\">Sobirania aliment\u00e0ria<\/span> <span class=\"meta-nav\">&rarr;<\/span><\/a><\/p>\n","protected":false},"author":1,"featured_media":0,"parent":0,"menu_order":0,"comment_status":"closed","ping_status":"closed","template":"","meta":{"footnotes":""},"class_list":["post-1784","page","type-page","status-publish","hentry"],"_links":{"self":[{"href":"https:\/\/martaberrocal.org\/cat\/wp-json\/wp\/v2\/pages\/1784","targetHints":{"allow":["GET"]}}],"collection":[{"href":"https:\/\/martaberrocal.org\/cat\/wp-json\/wp\/v2\/pages"}],"about":[{"href":"https:\/\/martaberrocal.org\/cat\/wp-json\/wp\/v2\/types\/page"}],"author":[{"embeddable":true,"href":"https:\/\/martaberrocal.org\/cat\/wp-json\/wp\/v2\/users\/1"}],"replies":[{"embeddable":true,"href":"https:\/\/martaberrocal.org\/cat\/wp-json\/wp\/v2\/comments?post=1784"}],"version-history":[{"count":7,"href":"https:\/\/martaberrocal.org\/cat\/wp-json\/wp\/v2\/pages\/1784\/revisions"}],"predecessor-version":[{"id":3473,"href":"https:\/\/martaberrocal.org\/cat\/wp-json\/wp\/v2\/pages\/1784\/revisions\/3473"}],"wp:attachment":[{"href":"https:\/\/martaberrocal.org\/cat\/wp-json\/wp\/v2\/media?parent=1784"}],"curies":[{"name":"wp","href":"https:\/\/api.w.org\/{rel}","templated":true}]}}

Sobirania alimentària

<p><img loading="lazy" decoding="async" class="wp-image-297 alignright" src="https://martaberrocal.org/cat/wp-content/uploads/2016/05/Portada-copia-Copiar-212x300.jpg" alt="Portada copia (Copiar)" width="164" height="232" srcset="https://martaberrocal.org/cat/wp-content/uploads/2016/05/Portada-copia-Copiar-212x300.jpg 212w, https://martaberrocal.org/cat/wp-content/uploads/2016/05/Portada-copia-Copiar.jpg 339w" sizes="auto, (max-width: 164px) 100vw, 164px" /></p>
<p>&nbsp;</p>
<p><strong>Soja transgènica</strong> és un projecte realitzat en 2008 per a l&#8217;ONG <a href="https://cat.vsf.org.es/" target="_blank" rel="noopener noreferrer">Veterinaris sense fronteres</a>, amb el suport de l&#8217;Agència Espanyola de Cooperació Internacional (AECI). Els materials escrits es van editar inicialment en castellà, català i gallec. El 2009 es van revisar i es van traduir també a l’eusquera.</p>
<p>L&#8217;encàrrec va consistir en la conceptualització, disseny i elaboració dels materials didàctics de suport del taller: <strong>&#8220;Soja transgènica&#8221;.</strong> Està dirigit a alumnes d&#8217;educació primària, amb l&#8217;objectiu d&#8217;abordar temes de sobirania alimentària i específicament sobre les implicacions i repercussions dels cultius latifundistes amb cereals transgènics als països subdesenvolupats de l&#8217;hemisferi sud.</p>
<p>El taller es desenvolupa al voltant d&#8217;una història: <strong>La soja. Per saber el que es cou quan algú diners mou</strong>. Està protagonitzada per personatges de tots dos hemisferis que assumeixen papers i rols diferents d&#8217;una semblança amb la realitat que no és pura coincidència. Intervenen treballadors de multinacionals, consumidors, periodistes, ramaders, metges, pagesos, latifundistes, etc.</p>
<p>Els nens que participen en el taller assumeixen els rols dels personatges i entre tots escenifiquen la narració, que transcorre entre tots dos hemisferis. Un cop finalitzada la teatralització es convida els nens a participar en un debat al voltant dels temes que la història posa en relleu, que inclou també aspectes ètics i de valors.</p>
<figure id="attachment_1418" aria-describedby="caption-attachment-1418" style="width: 207px" class="wp-caption aligncenter"><a href="https://martaberrocal.org/cat/wp-content/uploads/2016/05/color-jpg1.jpg"><img loading="lazy" decoding="async" class="wp-image-1418 size-medium" src="https://martaberrocal.org/cat/wp-content/uploads/2016/05/color-jpg1-207x300.jpg" alt="Personatges que protagonitzen la narració: La soja. Per saber el que es cou quan algú diners mou" width="207" height="300" srcset="https://martaberrocal.org/cat/wp-content/uploads/2016/05/color-jpg1-207x300.jpg 207w, https://martaberrocal.org/cat/wp-content/uploads/2016/05/color-jpg1-768x1112.jpg 768w, https://martaberrocal.org/cat/wp-content/uploads/2016/05/color-jpg1-707x1024.jpg 707w, https://martaberrocal.org/cat/wp-content/uploads/2016/05/color-jpg1.jpg 1713w" sizes="auto, (max-width: 207px) 100vw, 207px" /></a><figcaption id="caption-attachment-1418" class="wp-caption-text">Personatges que protagonitzen la narració: <strong>La soja. Per saber el que es cou quan algú diners mou</strong></figcaption></figure>
<p>&nbsp;</p>
<p>Les il·lustracions del projecte són obra de Serafina Balasch</p>
<p>&nbsp;</p>

<p>&nbsp; Soja transgènica és un projecte realitzat en 2008 per a l&#8217;ONG Veterinaris sense fronteres, amb el suport de l&#8217;Agència Espanyola de Cooperació Internacional (AECI). Els materials escrits es van editar inicialment en castellà, català i gallec. El 2009 es van revisar i es van traduir també a l’eusquera. L&#8217;encàrrec va consistir en la conceptualització, &hellip; <a href="https://martaberrocal.org/cat/sobirania-alimentaria/" class="more-link">Continua la lectura de <span class="screen-reader-text">Sobirania alimentària</span> <span class="meta-nav">&rarr;</span></a></p>
