
{"id":237,"date":"2016-05-20T16:21:03","date_gmt":"2016-05-20T16:21:03","guid":{"rendered":"http:\/\/marta.ecoresiduos.es\/es\/?page_id=237"},"modified":"2017-01-30T22:02:21","modified_gmt":"2017-01-30T22:02:21","slug":"publicacions-articles","status":"publish","type":"page","link":"https:\/\/martaberrocal.org\/cat\/publicacions-articles\/","title":{"rendered":"Articles"},"content":{"rendered":"<p>&nbsp;<\/p>\n<ul>\n<li><strong>Darwinisme educatiu. Pot la creativitat contribuir a suprimir-ho?<\/strong> Comunicaci\u00f3 presentada al Congr\u00e9s Internacional Noves Perspectives Cr\u00edtiques en Educaci\u00f3. Publicat per la Universitat de Barcelona i la Fundaci\u00f3 Bosch i Gimpera. Barcelona, juliol de 1994.<\/li>\n<li><strong>Pl\u00e0stica interdisciplin\u00e0ria: la construcci\u00f3 d&#8217;un poblat amaz\u00f2nic<\/strong>. A: GUIX. Novembre 1994. N\u00ba 205. Barcelona.<\/li>\n<li><strong>Pl\u00e0stica interdisciplin\u00e0ria: Aprenem hist\u00f2ria de Roma<\/strong>. &#8220;A: GUIX. Mar\u00e7 1995. N\u00ba 209. Barcelona<\/li>\n<li>Des de juliol de 1995 col\u00b7laboracions peri\u00f2diques amb la revista Guix, amb una s\u00e8rie d&#8217;articles titulats <strong>Com Fer &#8230;<\/strong> N\u00ba 213, N\u00ba15, N\u00ba 217, N\u00ba 221, N\u00ba 225-226, N\u00ba 228 i N\u00ba233.<\/li>\n<li><strong>Art i metacognici\u00f3. Estrat\u00e8gies d&#8217;Aprenentatge i creaci\u00f3 escult\u00f2rica<\/strong>. Resum de la comunicaci\u00f3 presentada al Simposi Internacional: L&#8217;Educaci\u00f3: el repte del tercer mil\u00b7lenni. Publicat per la Instituci\u00f3 Familiar d&#8217;Educaci\u00f3. Barcelona 1995.<\/li>\n<li><strong>Hem llegit DADA<\/strong>, la revista d&#8217;Art per a nens i nenes de 6-106 anys. A: GUIX. Abril 1996. N\u00ba222. Barcelona.<\/li>\n<li>Coautora de l&#8217;article: <strong>Materials per a l&#8217;educaci\u00f3 visual i pl\u00e0stica<\/strong>. A: GUIX. Juliol 1999. N\u00ba256. Barcelona.<\/li>\n<li><strong>Modelar y trabajar con conceptos: una propuesta multidimensional<\/strong>. A: Aula de Innovaci\u00f3n Educativa. Gener 2000. N\u00ba 88. Barcelona.<\/li>\n<li><strong>L&#8217;Euro a l&#8217;educaci\u00f3 visual i pl\u00e0stica<\/strong>. A: Guix. Novembre 2001. N\u00ba 279. Barcelona.<\/li>\n<li><strong>C\u00f3-ctel de g-ambas<\/strong> A: Aula de Innovaci\u00f3n Educativa. Febrer 2004. N\u00ba128<\/li>\n<li><strong>Limita i possibilita: Una proposta per a desenvolup\u00e0 la creativitat en nens i nenes<\/strong>. A: Revista RE. Abril 2004. N\u00ba 38. Barcelona.<\/li>\n<li><strong>La mirada de: Fem del grafisme un treball creatiu<\/strong>. A: Guix D&#8217;Infantil N\u00ba21. setembre 2004. Barcelona<\/li>\n<li><strong>C\u00f2-ctel de gambes<\/strong>. A: GUIX, N\u00ba 308. Octubre 2004. Barcelona<\/li>\n<li><strong>Lengua y expresi\u00f3n pl\u00e1stica: una reflexi\u00f3n sobre complicidades y desequilibrios.<\/strong> A: Aula de Innovaci\u00f3n Educativa, N\u00ba 161. Maig 2007. Barcelona<\/li>\n<\/ul>\n<p>&nbsp;<\/p>\n<p>&nbsp;<\/p>\n","protected":false},"excerpt":{"rendered":"<p>&nbsp; Darwinisme educatiu. Pot la creativitat contribuir a suprimir-ho? Comunicaci\u00f3 presentada al Congr\u00e9s Internacional Noves Perspectives Cr\u00edtiques en Educaci\u00f3. Publicat per la Universitat de Barcelona i la Fundaci\u00f3 Bosch i Gimpera. Barcelona, juliol de 1994. Pl\u00e0stica interdisciplin\u00e0ria: la construcci\u00f3 d&#8217;un poblat amaz\u00f2nic. A: GUIX. Novembre 1994. N\u00ba 205. Barcelona. Pl\u00e0stica interdisciplin\u00e0ria: Aprenem hist\u00f2ria de Roma. &hellip; <a href=\"https:\/\/martaberrocal.org\/cat\/publicacions-articles\/\" class=\"more-link\">Continua la lectura de <span class=\"screen-reader-text\">Articles<\/span> <span class=\"meta-nav\">&rarr;<\/span><\/a><\/p>\n","protected":false},"author":1,"featured_media":0,"parent":0,"menu_order":0,"comment_status":"closed","ping_status":"closed","template":"","meta":{"footnotes":""},"class_list":["post-237","page","type-page","status-publish","hentry"],"_links":{"self":[{"href":"https:\/\/martaberrocal.org\/cat\/wp-json\/wp\/v2\/pages\/237","targetHints":{"allow":["GET"]}}],"collection":[{"href":"https:\/\/martaberrocal.org\/cat\/wp-json\/wp\/v2\/pages"}],"about":[{"href":"https:\/\/martaberrocal.org\/cat\/wp-json\/wp\/v2\/types\/page"}],"author":[{"embeddable":true,"href":"https:\/\/martaberrocal.org\/cat\/wp-json\/wp\/v2\/users\/1"}],"replies":[{"embeddable":true,"href":"https:\/\/martaberrocal.org\/cat\/wp-json\/wp\/v2\/comments?post=237"}],"version-history":[{"count":3,"href":"https:\/\/martaberrocal.org\/cat\/wp-json\/wp\/v2\/pages\/237\/revisions"}],"predecessor-version":[{"id":2225,"href":"https:\/\/martaberrocal.org\/cat\/wp-json\/wp\/v2\/pages\/237\/revisions\/2225"}],"wp:attachment":[{"href":"https:\/\/martaberrocal.org\/cat\/wp-json\/wp\/v2\/media?parent=237"}],"curies":[{"name":"wp","href":"https:\/\/api.w.org\/{rel}","templated":true}]}}