
{"id":828,"date":"2016-07-13T15:55:28","date_gmt":"2016-07-13T15:55:28","guid":{"rendered":"http:\/\/martaberrocal.org\/es\/?page_id=828"},"modified":"2017-01-30T21:53:56","modified_gmt":"2017-01-30T21:53:56","slug":"docencia-art-museus-i-exposicions","status":"publish","type":"page","link":"https:\/\/martaberrocal.org\/cat\/docencia-art-museus-i-exposicions\/","title":{"rendered":"Art, museus i exposicions"},"content":{"rendered":"<p>&nbsp;<\/p>\n<p>Aquest apartat reuneix alguns cursos que he impartit, vinculats a exposicions temporals d&#8217;art, de diferents museus i institucions de la ciutat de Barcelona i Vic.<\/p>\n<p>Cada curs m&#8217;ha exigit con\u00e8ixer a fons l&#8217;exposici\u00f3 de la qual partia i examinar les possibilitats que cadascuna generava amb l&#8217;objectiu de dissenyar activitats art\u00edstiques i tamb\u00e9 vinculades a altres \u00e0rees de coneixement.<\/p>\n<p>&nbsp;<\/p>\n<hr \/>\n<p>Museu Episcopal de Vic (<a href=\"http:\/\/www.museuepiscopalvic.com\/\" target=\"_blank\">MEV<\/a>)<\/p>\n<ul>\n<li>Curs: <strong>Els oficis artesanals al Museu Episcopal de Vic: eines per treballar a l&#8217;escola.<\/strong>\n<ul>\n<li>De mar\u00e7 a l&#8217;abril del 2005<\/li>\n<\/ul>\n<\/li>\n<\/ul>\n<p>&nbsp;<\/p>\n<hr \/>\n<p>Museu Nacional d&#8217;Art de Catalunya (<a href=\"http:\/\/www.museunacional.cat\/es\" target=\"_blank\">MNAC<\/a>)<\/p>\n<ul>\n<li>Curs: <strong>L&#8217;obra art\u00edstica d&#8217;Alberto<\/strong>, a partir de l&#8217;exposici\u00f3 amb el mateix t\u00edtol organitzada pel MNAC el 2002.<\/li>\n<\/ul>\n<ul>\n<li>Curs: <strong>T&#8217;envio aquest vermell cadmi<\/strong>, a partir de l&#8217;exposici\u00f3 amb el mateix t\u00edtol organitzada pel MNAC en 2001.\n<ul>\n<li>Realitzo dues edicions del curs<\/li>\n<\/ul>\n<\/li>\n<\/ul>\n<div id='gallery-1' class='gallery galleryid-828 gallery-columns-3 gallery-size-thumbnail'><figure class='gallery-item'>\n\t\t\t<div class='gallery-icon portrait'>\n\t\t\t\t<a href='https:\/\/martaberrocal.org\/cat\/wp-content\/uploads\/2016\/07\/cadmio.jpg'><img loading=\"lazy\" decoding=\"async\" width=\"150\" height=\"150\" src=\"https:\/\/martaberrocal.org\/cat\/wp-content\/uploads\/2016\/07\/cadmio-150x150.jpg\" class=\"attachment-thumbnail size-thumbnail\" alt=\"\" \/><\/a>\n\t\t\t<\/div><\/figure><figure class='gallery-item'>\n\t\t\t<div class='gallery-icon landscape'>\n\t\t\t\t<a href='https:\/\/martaberrocal.org\/cat\/wp-content\/uploads\/2016\/07\/41R9YJNC86L._SS400_.jpg'><img loading=\"lazy\" decoding=\"async\" width=\"150\" height=\"150\" src=\"https:\/\/martaberrocal.org\/cat\/wp-content\/uploads\/2016\/07\/41R9YJNC86L._SS400_-150x150.jpg\" class=\"attachment-thumbnail size-thumbnail\" alt=\"\" srcset=\"https:\/\/martaberrocal.org\/cat\/wp-content\/uploads\/2016\/07\/41R9YJNC86L._SS400_-150x150.jpg 150w, https:\/\/martaberrocal.org\/cat\/wp-content\/uploads\/2016\/07\/41R9YJNC86L._SS400_-300x300.jpg 300w, https:\/\/martaberrocal.org\/cat\/wp-content\/uploads\/2016\/07\/41R9YJNC86L._SS400_.jpg 400w\" sizes=\"auto, (max-width: 150px) 100vw, 150px\" \/><\/a>\n\t\t\t<\/div><\/figure>\n\t\t<\/div>\n\n<p><span style=\"color: #ba0404;\"><strong>T&#8217;envio aquest vermell cadmi<\/strong><\/span> \u00e9s tamb\u00e9 el t\u00edtol d&#8217;un llibre que recull la correspond\u00e8ncia entre dos artistes: John Berger i John Christie.<span style=\"color: #b80223;\"><strong><br \/>\n<\/strong><\/span><\/p>\n<div id='gallery-2' class='gallery galleryid-828 gallery-columns-3 gallery-size-thumbnail'><figure class='gallery-item'>\n\t\t\t<div class='gallery-icon landscape'>\n\t\t\t\t<img loading=\"lazy\" decoding=\"async\" width=\"150\" height=\"150\" src=\"https:\/\/martaberrocal.org\/cat\/wp-content\/uploads\/2016\/07\/JC_photo_Ian_Tyson-150x150.jpg\" class=\"attachment-thumbnail size-thumbnail\" alt=\"\" aria-describedby=\"gallery-2-1485\" \/>\n\t\t\t<\/div>\n\t\t\t\t<figcaption class='wp-caption-text gallery-caption' id='gallery-2-1485'>\n\t\t\t\tJohn Christie\n\t\t\t\t<\/figcaption><\/figure><figure class='gallery-item'>\n\t\t\t<div class='gallery-icon landscape'>\n\t\t\t\t<img loading=\"lazy\" decoding=\"async\" width=\"150\" height=\"150\" src=\"https:\/\/martaberrocal.org\/cat\/wp-content\/uploads\/2016\/07\/John_Berger-2009_6-150x150.jpg\" class=\"attachment-thumbnail size-thumbnail\" alt=\"\" aria-describedby=\"gallery-2-1487\" \/>\n\t\t\t<\/div>\n\t\t\t\t<figcaption class='wp-caption-text gallery-caption' id='gallery-2-1487'>\n\t\t\t\tJohn Berger\n\t\t\t\t<\/figcaption><\/figure>\n\t\t<\/div>\n\n<p>&nbsp;<\/p>\n<hr \/>\n<p>Museu d&#8217;Art Contemporani de Barcelona (<a href=\"http:\/\/www.macba.cat\/es\/inicio\" target=\"_blank\">MACBA<\/a>)<\/p>\n<ul>\n<li>Curs: <strong>La po\u00e8tica del material. Aproximacions a l&#8217;obra de T\u00e0pies<\/strong>, a partir de l&#8217;exposici\u00f3 amb el mateix t\u00edtol organitzada pel MACBA al 2004\n<ul>\n<li>Mar\u00e7 del 2004<\/li>\n<\/ul>\n<\/li>\n<\/ul>\n<ul>\n<li>Curs: <strong>Viure amb el pop: Art d&#8217;avantguarda i cultura de masses a l&#8217;Europa dels anys 80 a partir de l&#8217;exposici\u00f3: Introspectiva<\/strong>.\n<ul>\n<li>Mar\u00e7 del 2003<\/li>\n<\/ul>\n<\/li>\n<\/ul>\n<p>&nbsp;<\/p>\n<hr \/>\n<p><a href=\"https:\/\/www.lapedrera.com\/es\/home\" target=\"_blank\">La Pedrera<\/a>. Fundaci\u00f3 Caixa Catalunya<\/p>\n<ul>\n<li>Sessi\u00f3 de formaci\u00f3: <strong>L&#8217;exposici\u00f3 Guinovart: propostes per a l&#8217;aula<\/strong>. Dirigida a professorat de secund\u00e0ria i batxillerat. Impartida a la Fundaci\u00f3 Caixa Catalunya, la Pedrera.\n<ul>\n<li>Barcelona 20 mar\u00e7 2002<\/li>\n<\/ul>\n<\/li>\n<\/ul>\n<p>&nbsp;<\/p>\n<hr \/>\n<p><a href=\"http:\/\/www.museupicasso.bcn.cat\/es\" target=\"_blank\">Museu Picasso<\/a>, MACBA, <a href=\"http:\/\/www.fmirobcn.org\/es\/\" target=\"_blank\">Fundaci\u00f3 Mir\u00f3<\/a> i Centre de Cultura Contempor\u00e0nia de Barcelona (<a href=\"http:\/\/www.cccb.org\/es\" target=\"_blank\">CCCB<\/a>)<\/p>\n<ul>\n<li><strong>Vermuttage: Matins d&#8217;art als museus<\/strong>. Impartit a Barcelona del 1 al 12 de juliol del 2004.<\/li>\n<\/ul>\n<p>&nbsp;<\/p>\n","protected":false},"excerpt":{"rendered":"<p>&nbsp; Aquest apartat reuneix alguns cursos que he impartit, vinculats a exposicions temporals d&#8217;art, de diferents museus i institucions de la ciutat de Barcelona i Vic. Cada curs m&#8217;ha exigit con\u00e8ixer a fons l&#8217;exposici\u00f3 de la qual partia i examinar les possibilitats que cadascuna generava amb l&#8217;objectiu de dissenyar activitats art\u00edstiques i tamb\u00e9 vinculades a &hellip; <a href=\"https:\/\/martaberrocal.org\/cat\/docencia-art-museus-i-exposicions\/\" class=\"more-link\">Continua la lectura de <span class=\"screen-reader-text\">Art, museus i exposicions<\/span> <span class=\"meta-nav\">&rarr;<\/span><\/a><\/p>\n","protected":false},"author":1,"featured_media":0,"parent":0,"menu_order":0,"comment_status":"closed","ping_status":"closed","template":"","meta":{"footnotes":""},"class_list":["post-828","page","type-page","status-publish","hentry"],"_links":{"self":[{"href":"https:\/\/martaberrocal.org\/cat\/wp-json\/wp\/v2\/pages\/828","targetHints":{"allow":["GET"]}}],"collection":[{"href":"https:\/\/martaberrocal.org\/cat\/wp-json\/wp\/v2\/pages"}],"about":[{"href":"https:\/\/martaberrocal.org\/cat\/wp-json\/wp\/v2\/types\/page"}],"author":[{"embeddable":true,"href":"https:\/\/martaberrocal.org\/cat\/wp-json\/wp\/v2\/users\/1"}],"replies":[{"embeddable":true,"href":"https:\/\/martaberrocal.org\/cat\/wp-json\/wp\/v2\/comments?post=828"}],"version-history":[{"count":4,"href":"https:\/\/martaberrocal.org\/cat\/wp-json\/wp\/v2\/pages\/828\/revisions"}],"predecessor-version":[{"id":2287,"href":"https:\/\/martaberrocal.org\/cat\/wp-json\/wp\/v2\/pages\/828\/revisions\/2287"}],"wp:attachment":[{"href":"https:\/\/martaberrocal.org\/cat\/wp-json\/wp\/v2\/media?parent=828"}],"curies":[{"name":"wp","href":"https:\/\/api.w.org\/{rel}","templated":true}]}}