
{"id":953,"date":"2016-07-21T16:03:57","date_gmt":"2016-07-21T16:03:57","guid":{"rendered":"http:\/\/martaberrocal.org\/es\/?page_id=953"},"modified":"2017-03-21T16:08:49","modified_gmt":"2017-03-21T16:08:49","slug":"art-i-alzheimer","status":"publish","type":"page","link":"https:\/\/martaberrocal.org\/cat\/art-i-alzheimer\/","title":{"rendered":"Art i alzheimer"},"content":{"rendered":"<p>&nbsp;<\/p>\n<p>Aquesta p\u00e0gina no estava programada inicialment.<\/p>\n<p><a href=\"https:\/\/martaberrocal.org\/cat\/wp-content\/uploads\/R-IMG_20151118_155008-Copiar.jpg\"><img loading=\"lazy\" decoding=\"async\" class=\"alignleft size-medium wp-image-2909\" src=\"https:\/\/martaberrocal.org\/cat\/wp-content\/uploads\/R-IMG_20151118_155008-Copiar-300x231.jpg\" alt=\"\" width=\"300\" height=\"231\" srcset=\"https:\/\/martaberrocal.org\/cat\/wp-content\/uploads\/R-IMG_20151118_155008-Copiar-300x231.jpg 300w, https:\/\/martaberrocal.org\/cat\/wp-content\/uploads\/R-IMG_20151118_155008-Copiar.jpg 600w\" sizes=\"auto, (max-width: 300px) 100vw, 300px\" \/><\/a>Em donar\u00e0 peu a parlar d&#8217;un projecte personal que b\u00e9 podria convertir-se en un projecte professional.<\/p>\n<p>Caldr\u00e0 esperar que decideixi i s\u00e0piga com vull construir el relat, per poder con\u00e8ixer-lo.<\/p>\n<p><strong>Us convido a tornar a la p\u00e0gina m\u00e9s endavant.<\/strong><\/p>\n<p style=\"text-align: center;\">*<\/p>\n<p><span style=\"color: #ff6600;\">No he volgut canviar el text original d&#8217;aquesta p\u00e0gina per si alg\u00fa ha acceptat la meva invitaci\u00f3 a tornar.<\/span><\/p>\n<p><strong>Ja he comen\u00e7at a construir el relat del meu projecte personal i us convido a con\u00e8ixer-lo llegint el \u00a0<a href=\"https:\/\/martaberrocal.org\/cat\/blog\/\">blog<\/a><\/strong>. Ho podeu fer a trav\u00e9s dels articles de la secci\u00f3 &#8220;<a href=\"https:\/\/martaberrocal.org\/cat\/category\/creativitat-i-alzheimer\/\"><strong>Creativitat i Alzheimer<\/strong><\/a>&#8220;. Recomano llegir-los en ordre invers a com apareixen, seguint l&#8217;ordre cronol\u00f2gic en qu\u00e8 els escric.<\/p>\n","protected":false},"excerpt":{"rendered":"<p>&nbsp; Aquesta p\u00e0gina no estava programada inicialment. Em donar\u00e0 peu a parlar d&#8217;un projecte personal que b\u00e9 podria convertir-se en un projecte professional. Caldr\u00e0 esperar que decideixi i s\u00e0piga com vull construir el relat, per poder con\u00e8ixer-lo. Us convido a tornar a la p\u00e0gina m\u00e9s endavant. * No he volgut canviar el text original d&#8217;aquesta &hellip; <a href=\"https:\/\/martaberrocal.org\/cat\/art-i-alzheimer\/\" class=\"more-link\">Continua la lectura de <span class=\"screen-reader-text\">Art i alzheimer<\/span> <span class=\"meta-nav\">&rarr;<\/span><\/a><\/p>\n","protected":false},"author":1,"featured_media":0,"parent":0,"menu_order":0,"comment_status":"closed","ping_status":"closed","template":"","meta":{"footnotes":""},"class_list":["post-953","page","type-page","status-publish","hentry"],"_links":{"self":[{"href":"https:\/\/martaberrocal.org\/cat\/wp-json\/wp\/v2\/pages\/953","targetHints":{"allow":["GET"]}}],"collection":[{"href":"https:\/\/martaberrocal.org\/cat\/wp-json\/wp\/v2\/pages"}],"about":[{"href":"https:\/\/martaberrocal.org\/cat\/wp-json\/wp\/v2\/types\/page"}],"author":[{"embeddable":true,"href":"https:\/\/martaberrocal.org\/cat\/wp-json\/wp\/v2\/users\/1"}],"replies":[{"embeddable":true,"href":"https:\/\/martaberrocal.org\/cat\/wp-json\/wp\/v2\/comments?post=953"}],"version-history":[{"count":5,"href":"https:\/\/martaberrocal.org\/cat\/wp-json\/wp\/v2\/pages\/953\/revisions"}],"predecessor-version":[{"id":2910,"href":"https:\/\/martaberrocal.org\/cat\/wp-json\/wp\/v2\/pages\/953\/revisions\/2910"}],"wp:attachment":[{"href":"https:\/\/martaberrocal.org\/cat\/wp-json\/wp\/v2\/media?parent=953"}],"curies":[{"name":"wp","href":"https:\/\/api.w.org\/{rel}","templated":true}]}}