
{"id":1138,"date":"2016-08-03T17:15:46","date_gmt":"2016-08-03T17:15:46","guid":{"rendered":"http:\/\/martaberrocal.org\/es\/?page_id=1138"},"modified":"2017-08-08T11:32:32","modified_gmt":"2017-08-08T11:32:32","slug":"arte-y-emociones","status":"publish","type":"page","link":"https:\/\/martaberrocal.org\/es\/arte-y-emociones\/","title":{"rendered":"Arte y emociones"},"content":{"rendered":"<p>&nbsp;<\/p>\n<p><strong>Somos seres emotivos por naturaleza,<\/strong> condici\u00f3n que ha contribuido a nuestra supervivencia y evoluci\u00f3n. Las emociones afectan la manera en que cada persona percibe su propia vida y la manera como construye y afronta su existencia.<\/p>\n<p>Las personas no pueden renunciar a sus emociones porque perder\u00edan su humanidad. Y les ser\u00e1 de ayuda poder identificarlas y reconocerlas, poderlas expresar y ser capaces de regularlas, junto con los pensamientos y las acciones que pongan en marcha.<\/p>\n<p><strong>No tengo ninguna duda de que el lenguaje art\u00edstico puede contribuir a facilitar la identificaci\u00f3n, expresi\u00f3n y regulaci\u00f3n de las emociones<\/strong>. De hecho, me parece uno de los lenguajes m\u00e1s apropiados y fascinantes para hacerlo. Tiene una capacidad de comunicaci\u00f3n infinita y hol\u00edstica, y puede traspasar fronteras de todo tipo, exceptuando tal vez las barreras mentales de algunos individuos.<\/p>\n<p><strong>Llevo a\u00f1os desarrollando una investigaci\u00f3n personal sobre el tema, ideando actividades que contribuyan al crecimiento emocional<\/strong> de los maestros con los que habitualmente trabajo, para que ellos puedan a su vez hacer lo mismo con sus alumnos. <span style=\"color: #47cc00;\">Muchas de estas ideas est\u00e1n en estado de gestaci\u00f3n<\/span>, a la espera de poder ver la luz en un espacio y tiempo apropiados.<\/p>\n<p><span style=\"color: #47cc00;\"><span style=\"color: #339966;\"><strong>Otras sin embargo ya han empezado a crecer<\/strong><\/span>, porque las estoy poniendo\u00a0a prueba, en los cursos en los que tengo la oportunidad de mezclar arte y emociones:<\/span><br \/>\n<span style=\"color: #47cc00;\"> \u00a0<\/span><\/p>\n<ul>\n<li><strong>Emociones agradables, arte y creatividad<\/strong>.\u00a0Curso escolar 2017-18. Impartido en la Escuela de verano organizada por el Instituto de Ciencias de la Educaci\u00f3n de la Universidad de Barcelona. (18 horas)<\/li>\n<\/ul>\n<p style=\"padding-left: 60px;\"><span style=\"color: #999999; font-family: Calibri;\"><a href=\" https:\/\/martaberrocal.org\/es\/zapatos-alados\/\"><img loading=\"lazy\" decoding=\"async\" class=\"alignright wp-image-3803\" src=\"https:\/\/martaberrocal.org\/es\/wp-content\/uploads\/DSC08375-Copiar-215x300.jpg\" alt=\"\" width=\"87\" height=\"122\" srcset=\"https:\/\/martaberrocal.org\/es\/wp-content\/uploads\/DSC08375-Copiar-215x300.jpg 215w, https:\/\/martaberrocal.org\/es\/wp-content\/uploads\/DSC08375-Copiar.jpg 467w\" sizes=\"auto, (max-width: 87px) 100vw, 87px\" \/><\/a><\/span><\/p>\n<p style=\"padding-left: 60px;\"><span style=\"color: #999999; font-family: Calibri;\">Os invito a leer la rese\u00f1a que he escrito sobre el curso, titulada : \u00ab<strong>Zapatos alados<\/strong>\u00ab, haciendo clic sobre la imagen<\/span><\/p>\n<p>&nbsp;<\/p>\n<ul>\n<li><strong>Potenciar las emociones positivas a trav\u00e9s del lenguaje art\u00edstico.<\/strong> Curso escolar 2017-18. Impartido en la Escuela de verano organizada por el Movimiento Educativo del Maresme, MEM, en Matar\u00f3. (16 horas)<\/li>\n<\/ul>\n<p><a href=\"https:\/\/martaberrocal.org\/es\/partirse-la-caja\/\"><img loading=\"lazy\" decoding=\"async\" class=\"alignright wp-image-3794\" src=\"https:\/\/martaberrocal.org\/es\/wp-content\/uploads\/DSC07878-Copiar-150x150.jpg\" alt=\"\" width=\"107\" height=\"107\" \/><\/a><\/p>\n<p style=\"padding-left: 60px;\"><span style=\"color: #999999; font-family: Calibri;\">Os invito a leer la rese\u00f1a que he escrito sobre el curso, con el t\u00edtulo: \u00ab<strong>Partirse la caja<\/strong>\u00ab, haciendo clic sobre la imagen<\/span><\/p>\n<p>&nbsp;<\/p>\n<ul>\n<li><strong>Expresi\u00f3n art\u00edstica y educaci\u00f3n emocional<\/strong>. Curso escolar 2016-17. Impartido en la Escuela Anselm Clav\u00e9 de Cornell\u00e0 de Llobregat. (6 horas)<\/li>\n<\/ul>\n<ul>\n<li><strong>Educaci\u00f3n emocional. Gesti\u00f3n en el aula<\/strong>. Curso escolar 2016-17. Impartido en la escuela Sant Pau de Sant Pol de Mar. (10 horas)<\/li>\n<\/ul>\n<ul>\n<li><strong>El arte contempor\u00e1neo y el mundo de las emociones<\/strong>. Curso escolar 2015-16. Impartido en el Museu d\u2019Art Contemporani de Barcelona. MACBA. (15 horas)<\/li>\n<\/ul>\n<p>&nbsp;<\/p>\n<p>&nbsp;<\/p>\n<p>&nbsp;<\/p>\n","protected":false},"excerpt":{"rendered":"<p>&nbsp; Somos seres emotivos por naturaleza, condici\u00f3n que ha contribuido a nuestra supervivencia y evoluci\u00f3n. Las emociones afectan la manera en que cada persona percibe su propia vida y la manera como construye y afronta su existencia. Las personas no pueden renunciar a sus emociones porque perder\u00edan su humanidad. Y les ser\u00e1 de ayuda poder &hellip; <a href=\"https:\/\/martaberrocal.org\/es\/arte-y-emociones\/\" class=\"more-link\">Seguir leyendo <span class=\"screen-reader-text\">Arte y emociones<\/span> <span class=\"meta-nav\">&rarr;<\/span><\/a><\/p>\n","protected":false},"author":1,"featured_media":0,"parent":0,"menu_order":0,"comment_status":"closed","ping_status":"closed","template":"","meta":{"footnotes":""},"class_list":["post-1138","page","type-page","status-publish","hentry"],"_links":{"self":[{"href":"https:\/\/martaberrocal.org\/es\/wp-json\/wp\/v2\/pages\/1138","targetHints":{"allow":["GET"]}}],"collection":[{"href":"https:\/\/martaberrocal.org\/es\/wp-json\/wp\/v2\/pages"}],"about":[{"href":"https:\/\/martaberrocal.org\/es\/wp-json\/wp\/v2\/types\/page"}],"author":[{"embeddable":true,"href":"https:\/\/martaberrocal.org\/es\/wp-json\/wp\/v2\/users\/1"}],"replies":[{"embeddable":true,"href":"https:\/\/martaberrocal.org\/es\/wp-json\/wp\/v2\/comments?post=1138"}],"version-history":[{"count":11,"href":"https:\/\/martaberrocal.org\/es\/wp-json\/wp\/v2\/pages\/1138\/revisions"}],"predecessor-version":[{"id":3900,"href":"https:\/\/martaberrocal.org\/es\/wp-json\/wp\/v2\/pages\/1138\/revisions\/3900"}],"wp:attachment":[{"href":"https:\/\/martaberrocal.org\/es\/wp-json\/wp\/v2\/media?parent=1138"}],"curies":[{"name":"wp","href":"https:\/\/api.w.org\/{rel}","templated":true}]}}

<p>&nbsp;</p>
<p><strong>Somos seres emotivos por naturaleza,</strong> condición que ha contribuido a nuestra supervivencia y evolución. Las emociones afectan la manera en que cada persona percibe su propia vida y la manera como construye y afronta su existencia.</p>
<p>Las personas no pueden renunciar a sus emociones porque perderían su humanidad. Y les será de ayuda poder identificarlas y reconocerlas, poderlas expresar y ser capaces de regularlas, junto con los pensamientos y las acciones que pongan en marcha.</p>
<p><strong>No tengo ninguna duda de que el lenguaje artístico puede contribuir a facilitar la identificación, expresión y regulación de las emociones</strong>. De hecho, me parece uno de los lenguajes más apropiados y fascinantes para hacerlo. Tiene una capacidad de comunicación infinita y holística, y puede traspasar fronteras de todo tipo, exceptuando tal vez las barreras mentales de algunos individuos.</p>
<p><strong>Llevo años desarrollando una investigación personal sobre el tema, ideando actividades que contribuyan al crecimiento emocional</strong> de los maestros con los que habitualmente trabajo, para que ellos puedan a su vez hacer lo mismo con sus alumnos. <span style="color: #47cc00;">Muchas de estas ideas están en estado de gestación</span>, a la espera de poder ver la luz en un espacio y tiempo apropiados.</p>
<p><span style="color: #47cc00;"><span style="color: #339966;"><strong>Otras sin embargo ya han empezado a crecer</strong></span>, porque las estoy poniendo a prueba, en los cursos en los que tengo la oportunidad de mezclar arte y emociones:</span><br />
<span style="color: #47cc00;">  </span></p>
<ul>
<li><strong>Emociones agradables, arte y creatividad</strong>. Curso escolar 2017-18. Impartido en la Escuela de verano organizada por el Instituto de Ciencias de la Educación de la Universidad de Barcelona. (18 horas)</li>
</ul>
<p style="padding-left: 60px;"><span style="color: #999999; font-family: Calibri;"><a href=" https://martaberrocal.org/es/zapatos-alados/"><img loading="lazy" decoding="async" class="alignright wp-image-3803" src="https://martaberrocal.org/es/wp-content/uploads/DSC08375-Copiar-215x300.jpg" alt="" width="87" height="122" srcset="https://martaberrocal.org/es/wp-content/uploads/DSC08375-Copiar-215x300.jpg 215w, https://martaberrocal.org/es/wp-content/uploads/DSC08375-Copiar.jpg 467w" sizes="auto, (max-width: 87px) 100vw, 87px" /></a></span></p>
<p style="padding-left: 60px;"><span style="color: #999999; font-family: Calibri;">Os invito a leer la reseña que he escrito sobre el curso, titulada : «<strong>Zapatos alados</strong>«, haciendo clic sobre la imagen</span></p>
<p>&nbsp;</p>
<ul>
<li><strong>Potenciar las emociones positivas a través del lenguaje artístico.</strong> Curso escolar 2017-18. Impartido en la Escuela de verano organizada por el Movimiento Educativo del Maresme, MEM, en Mataró. (16 horas)</li>
</ul>
<p><a href="https://martaberrocal.org/es/partirse-la-caja/"><img loading="lazy" decoding="async" class="alignright wp-image-3794" src="https://martaberrocal.org/es/wp-content/uploads/DSC07878-Copiar-150x150.jpg" alt="" width="107" height="107" /></a></p>
<p style="padding-left: 60px;"><span style="color: #999999; font-family: Calibri;">Os invito a leer la reseña que he escrito sobre el curso, con el título: «<strong>Partirse la caja</strong>«, haciendo clic sobre la imagen</span></p>
<p>&nbsp;</p>
<ul>
<li><strong>Expresión artística y educación emocional</strong>. Curso escolar 2016-17. Impartido en la Escuela Anselm Clavé de Cornellà de Llobregat. (6 horas)</li>
</ul>
<ul>
<li><strong>Educación emocional. Gestión en el aula</strong>. Curso escolar 2016-17. Impartido en la escuela Sant Pau de Sant Pol de Mar. (10 horas)</li>
</ul>
<ul>
<li><strong>El arte contemporáneo y el mundo de las emociones</strong>. Curso escolar 2015-16. Impartido en el Museu d’Art Contemporani de Barcelona. MACBA. (15 horas)</li>
</ul>
<p>&nbsp;</p>
<p>&nbsp;</p>
<p>&nbsp;</p>

<p>&nbsp; Somos seres emotivos por naturaleza, condición que ha contribuido a nuestra supervivencia y evolución. Las emociones afectan la manera en que cada persona percibe su propia vida y la manera como construye y afronta su existencia. Las personas no pueden renunciar a sus emociones porque perderían su humanidad. Y les será de ayuda poder &hellip; <a href="https://martaberrocal.org/es/arte-y-emociones/" class="more-link">Seguir leyendo <span class="screen-reader-text">Arte y emociones</span> <span class="meta-nav">&rarr;</span></a></p>
