
{"id":1156,"date":"2016-08-05T09:22:29","date_gmt":"2016-08-05T09:22:29","guid":{"rendered":"http:\/\/martaberrocal.org\/es\/?page_id=1156"},"modified":"2017-02-27T12:15:18","modified_gmt":"2017-02-27T12:15:18","slug":"alfabetizacion-de-inmigrantes","status":"publish","type":"page","link":"https:\/\/martaberrocal.org\/es\/alfabetizacion-de-inmigrantes\/","title":{"rendered":"Alfabetizaci\u00f3n de inmigrantes"},"content":{"rendered":"<p><img loading=\"lazy\" decoding=\"async\" class=\" wp-image-1250 alignright\" src=\"https:\/\/martaberrocal.org\/es\/wp-content\/uploads\/2016\/08\/escut_i_aj_st_cebria_de_vallala-300x113.jpg\" alt=\"escut_i_aj_st_cebria_de_vallala\" width=\"204\" height=\"77\" srcset=\"https:\/\/martaberrocal.org\/es\/wp-content\/uploads\/2016\/08\/escut_i_aj_st_cebria_de_vallala-300x113.jpg 300w, https:\/\/martaberrocal.org\/es\/wp-content\/uploads\/2016\/08\/escut_i_aj_st_cebria_de_vallala.jpg 400w\" sizes=\"auto, (max-width: 204px) 100vw, 204px\" \/><\/p>\n<p>&nbsp;<\/p>\n<p>&nbsp;<\/p>\n<p>Coincidiendo con el curso escolar <strong>2005-2006<\/strong> en <strong>Sant Cebri\u00e0 de Vallalta<\/strong>, un pueblo de unos 3.300 habitantes situado en la comarca del Maresme, en Barcelona, \u200b\u200bse desarroll\u00f3 un <strong>proyecto de alfabetizaci\u00f3n e integraci\u00f3n dirigido a inmigrantes que viv\u00edan en la poblaci\u00f3n<\/strong>. El proyecto surgi\u00f3 por iniciativa del ayuntamiento y en respuesta a las demandas expresadas por diversos agentes sociales y los propios inmigrantes.<\/p>\n<p><strong>Me encargu\u00e9 de coordinar el proyecto y el equipo de cinco voluntarios<\/strong> que participaron. Atendimos a un total de 17 personas, todos hombres, de origen africano y mayoritariamente procedentes de Gambia, con un nivel de formaci\u00f3n absolutamente heterog\u00e9neo.<\/p>\n<p>Hubo una asistencia irregular a las clases, se produc\u00edan bajas, nuevas incorporaciones y per\u00edodos intermitentes de no asistencia, que ten\u00edan que ver b\u00e1sicamente con el cambio de residencia, ya fuera de forma temporal o permanente. Una parte de los asistentes ten\u00edan una gran movilidad ligada a los problemas de vivienda.<\/p>\n<p>Las circunstancias hicieron que no se llegaran a constituir grupos numerosos y estables y que se trabajara de manera personalizada en funci\u00f3n de las necesidades detectadas.<\/p>\n<p>Se prioriz\u00f3 el aprendizaje del catal\u00e1n oral en la mayor parte de casos.<\/p>\n<p><strong>La experiencia supuso un aut\u00e9ntico reto en muchos sentidos y aprend\u00ed m\u00e1s de las circunstancias, que rodeaban los alumnos o las propias clases, que lo que intent\u00e9 ense\u00f1ar. Estos espacios de aprendizaje constituyen un campo de innovaci\u00f3n constante, exigen poner en duda la mayor parte de las certezas que uno tiene en torno al aprendizaje, y en torno a la vida.<\/strong><\/p>\n<p>Durante el curso escolar 2006-2007 el proyecto tuvo continuidad.<\/p>\n<p>La experiencia result\u00f3 satisfactoria y gratificante para todos los implicados. Las clases propiciaron un lugar de encuentro y se priorizaron las relaciones humanas, dando apoyo an\u00edmico, as\u00ed como ayuda para la resoluci\u00f3n de gestiones de todo tipo.<\/p>\n<p>El proyecto finaliz\u00f3 por motivos relacionados con el cambio de residencia de la mayor parte de inmigrantes. Esto conllev\u00f3 la desaparici\u00f3n de un grupo finalmente bastante numeroso y estable.<\/p>\n<p>La participaci\u00f3n en este proyecto propici\u00f3 que a\u00f1os m\u00e1s tarde trabajara en la conceptualizaci\u00f3n de los materiales did\u00e1cticos del proyecto de <a href=\"https:\/\/martaberrocal.org\/es\/alfabetizacion\/\">alfabetizaci\u00f3n<\/a> \u201c<strong><em>Lletres per a tothom<\/em><\/strong>\u201d, impulsado por el Departament de Benestar i Fam\u00edlia de la Generalitat de Catalunya y la Obra Social \u201cla Caixa\u201d. Posteriormente el material se adapt\u00f3 al castellano con el nombre \u201c<strong>Letras para ti<\/strong>\u201d.<\/p>\n","protected":false},"excerpt":{"rendered":"<p>&nbsp; &nbsp; Coincidiendo con el curso escolar 2005-2006 en Sant Cebri\u00e0 de Vallalta, un pueblo de unos 3.300 habitantes situado en la comarca del Maresme, en Barcelona, \u200b\u200bse desarroll\u00f3 un proyecto de alfabetizaci\u00f3n e integraci\u00f3n dirigido a inmigrantes que viv\u00edan en la poblaci\u00f3n. El proyecto surgi\u00f3 por iniciativa del ayuntamiento y en respuesta a las &hellip; <a href=\"https:\/\/martaberrocal.org\/es\/alfabetizacion-de-inmigrantes\/\" class=\"more-link\">Seguir leyendo <span class=\"screen-reader-text\">Alfabetizaci\u00f3n de inmigrantes<\/span> <span class=\"meta-nav\">&rarr;<\/span><\/a><\/p>\n","protected":false},"author":1,"featured_media":0,"parent":0,"menu_order":0,"comment_status":"closed","ping_status":"closed","template":"","meta":{"footnotes":""},"class_list":["post-1156","page","type-page","status-publish","hentry"],"_links":{"self":[{"href":"https:\/\/martaberrocal.org\/es\/wp-json\/wp\/v2\/pages\/1156","targetHints":{"allow":["GET"]}}],"collection":[{"href":"https:\/\/martaberrocal.org\/es\/wp-json\/wp\/v2\/pages"}],"about":[{"href":"https:\/\/martaberrocal.org\/es\/wp-json\/wp\/v2\/types\/page"}],"author":[{"embeddable":true,"href":"https:\/\/martaberrocal.org\/es\/wp-json\/wp\/v2\/users\/1"}],"replies":[{"embeddable":true,"href":"https:\/\/martaberrocal.org\/es\/wp-json\/wp\/v2\/comments?post=1156"}],"version-history":[{"count":11,"href":"https:\/\/martaberrocal.org\/es\/wp-json\/wp\/v2\/pages\/1156\/revisions"}],"predecessor-version":[{"id":2489,"href":"https:\/\/martaberrocal.org\/es\/wp-json\/wp\/v2\/pages\/1156\/revisions\/2489"}],"wp:attachment":[{"href":"https:\/\/martaberrocal.org\/es\/wp-json\/wp\/v2\/media?parent=1156"}],"curies":[{"name":"wp","href":"https:\/\/api.w.org\/{rel}","templated":true}]}}

Alfabetización de inmigrantes

<p><img loading="lazy" decoding="async" class=" wp-image-1250 alignright" src="https://martaberrocal.org/es/wp-content/uploads/2016/08/escut_i_aj_st_cebria_de_vallala-300x113.jpg" alt="escut_i_aj_st_cebria_de_vallala" width="204" height="77" srcset="https://martaberrocal.org/es/wp-content/uploads/2016/08/escut_i_aj_st_cebria_de_vallala-300x113.jpg 300w, https://martaberrocal.org/es/wp-content/uploads/2016/08/escut_i_aj_st_cebria_de_vallala.jpg 400w" sizes="auto, (max-width: 204px) 100vw, 204px" /></p>
<p>&nbsp;</p>
<p>&nbsp;</p>
<p>Coincidiendo con el curso escolar <strong>2005-2006</strong> en <strong>Sant Cebrià de Vallalta</strong>, un pueblo de unos 3.300 habitantes situado en la comarca del Maresme, en Barcelona, ​​se desarrolló un <strong>proyecto de alfabetización e integración dirigido a inmigrantes que vivían en la población</strong>. El proyecto surgió por iniciativa del ayuntamiento y en respuesta a las demandas expresadas por diversos agentes sociales y los propios inmigrantes.</p>
<p><strong>Me encargué de coordinar el proyecto y el equipo de cinco voluntarios</strong> que participaron. Atendimos a un total de 17 personas, todos hombres, de origen africano y mayoritariamente procedentes de Gambia, con un nivel de formación absolutamente heterogéneo.</p>
<p>Hubo una asistencia irregular a las clases, se producían bajas, nuevas incorporaciones y períodos intermitentes de no asistencia, que tenían que ver básicamente con el cambio de residencia, ya fuera de forma temporal o permanente. Una parte de los asistentes tenían una gran movilidad ligada a los problemas de vivienda.</p>
<p>Las circunstancias hicieron que no se llegaran a constituir grupos numerosos y estables y que se trabajara de manera personalizada en función de las necesidades detectadas.</p>
<p>Se priorizó el aprendizaje del catalán oral en la mayor parte de casos.</p>
<p><strong>La experiencia supuso un auténtico reto en muchos sentidos y aprendí más de las circunstancias, que rodeaban los alumnos o las propias clases, que lo que intenté enseñar. Estos espacios de aprendizaje constituyen un campo de innovación constante, exigen poner en duda la mayor parte de las certezas que uno tiene en torno al aprendizaje, y en torno a la vida.</strong></p>
<p>Durante el curso escolar 2006-2007 el proyecto tuvo continuidad.</p>
<p>La experiencia resultó satisfactoria y gratificante para todos los implicados. Las clases propiciaron un lugar de encuentro y se priorizaron las relaciones humanas, dando apoyo anímico, así como ayuda para la resolución de gestiones de todo tipo.</p>
<p>El proyecto finalizó por motivos relacionados con el cambio de residencia de la mayor parte de inmigrantes. Esto conllevó la desaparición de un grupo finalmente bastante numeroso y estable.</p>
<p>La participación en este proyecto propició que años más tarde trabajara en la conceptualización de los materiales didácticos del proyecto de <a href="https://martaberrocal.org/es/alfabetizacion/">alfabetización</a> “<strong><em>Lletres per a tothom</em></strong>”, impulsado por el Departament de Benestar i Família de la Generalitat de Catalunya y la Obra Social “la Caixa”. Posteriormente el material se adaptó al castellano con el nombre “<strong>Letras para ti</strong>”.</p>

<p>&nbsp; &nbsp; Coincidiendo con el curso escolar 2005-2006 en Sant Cebrià de Vallalta, un pueblo de unos 3.300 habitantes situado en la comarca del Maresme, en Barcelona, ​​se desarrolló un proyecto de alfabetización e integración dirigido a inmigrantes que vivían en la población. El proyecto surgió por iniciativa del ayuntamiento y en respuesta a las &hellip; <a href="https://martaberrocal.org/es/alfabetizacion-de-inmigrantes/" class="more-link">Seguir leyendo <span class="screen-reader-text">Alfabetización de inmigrantes</span> <span class="meta-nav">&rarr;</span></a></p>
