
{"id":1159,"date":"2016-08-05T09:23:21","date_gmt":"2016-08-05T09:23:21","guid":{"rendered":"http:\/\/martaberrocal.org\/es\/?page_id=1159"},"modified":"2017-02-24T09:52:45","modified_gmt":"2017-02-24T09:52:45","slug":"participacion-en-jornadas-y-cursos-relacionados-con-la-multiculturalidad-y-la-interculturalidad","status":"publish","type":"page","link":"https:\/\/martaberrocal.org\/es\/participacion-en-jornadas-y-cursos-relacionados-con-la-multiculturalidad-y-la-interculturalidad\/","title":{"rendered":"Participaci\u00f3n en jornadas y cursos relacionados con la multiculturalidad y la interculturalidad"},"content":{"rendered":"<p>&nbsp;<\/p>\n<ul>\n<li>Participaci\u00f3n como docente en el <span style=\"color: #993366;\">curso de Posgrado<\/span>:\u00a0 \u00ab<em>Relaciones Interculturales y Educaci\u00f3n\u00bb<\/em>, con la sesi\u00f3n: <strong><em>Promover buenas relaciones interculturales con la representaci\u00f3n del Teatro de Marionetas<\/em><\/strong>. \u00a0Organizado por el Instituto de Ciencias de la Educaci\u00f3n de la Universidad Aut\u00f3noma de Barcelona en marzo del 2004.<\/li>\n<\/ul>\n<p>&nbsp;<\/p>\n<ul>\n<li>Participaci\u00f3n en la <span style=\"color: #993366;\">Jornada<\/span>: <em>\u201cMujer Gitana: un espacio para la participaci\u00f3n&#8217;\u201d <\/em>presentando:\u00a0 <strong>U<em>na experiencia educativa con mujeres gitanas<\/em><\/strong>. Organizada por La Fundaci\u00f3n Secretariado General Gitano, en colaboraci\u00f3n con el Institut Catal\u00e0 de la Dona. Barcelona, enero del 2003.<\/li>\n<\/ul>\n<p>&nbsp;<\/p>\n<ul>\n<li>Participaci\u00f3n en los <span style=\"color: #993366;\">encuentros<\/span>: \u00abIntercambio de experiencias y reflexiones del Programa Multiculturalidad y Educaci\u00f3n\u00bb, presentando la experiencia:\u00a0 <em><strong>La creaci\u00f3n de una compa\u00f1\u00eda de marionetas como\u00a0 proyecto de formaci\u00f3n del Programa de la Renta M\u00ednima (PIRMI-RMI)<\/strong>.<\/em> Organizadas por el Instituto de Ciencias de la Educaci\u00f3n de la Universitat Aut\u00f2noma de Barcelona en 2001.<\/li>\n<\/ul>\n<p>&nbsp;<\/p>\n<ul>\n<li>Participaci\u00f3n en las <em>XXI \u00ab<span style=\"color: #993366;\">Jornadas <\/span>de ense\u00f1antes con gitanos\u00bb<\/em>, presentando \u00a0 la experiencia:<strong> <em>La<\/em>\u00a0 <em>Compa\u00f1\u00eda<\/em><\/strong><em><strong> de marionetas \u201cLas Tigresas\u201d<\/strong>.\u00a0<\/em>Madrid, septiembre del 2001.<\/li>\n<\/ul>\n<p>&nbsp;<\/p>\n<ul>\n<li>Participaci\u00f3n en la <em>Primera \u00ab<span style=\"color: #993366;\">Jornada<\/span><\/em><em> de Reflexi\u00f3n sobre Multiculturalidad y Educaci\u00f3n\u00bb<\/em>, en la Mesa de Debate: <em><strong>El profesorado de alumnado de otras culturas en condiciones de marginaci\u00f3n<\/strong><\/em>. Organizada por el ICE de la Universidad Aut\u00f3noma de Barcelona los d\u00edas 28 y 29 de enero del 2000.<\/li>\n<\/ul>\n","protected":false},"excerpt":{"rendered":"<p>&nbsp; Participaci\u00f3n como docente en el curso de Posgrado:\u00a0 \u00abRelaciones Interculturales y Educaci\u00f3n\u00bb, con la sesi\u00f3n: Promover buenas relaciones interculturales con la representaci\u00f3n del Teatro de Marionetas. \u00a0Organizado por el Instituto de Ciencias de la Educaci\u00f3n de la Universidad Aut\u00f3noma de Barcelona en marzo del 2004. &nbsp; Participaci\u00f3n en la Jornada: \u201cMujer Gitana: un espacio &hellip; <a href=\"https:\/\/martaberrocal.org\/es\/participacion-en-jornadas-y-cursos-relacionados-con-la-multiculturalidad-y-la-interculturalidad\/\" class=\"more-link\">Seguir leyendo <span class=\"screen-reader-text\">Participaci\u00f3n en jornadas y cursos relacionados con la multiculturalidad y la interculturalidad<\/span> <span class=\"meta-nav\">&rarr;<\/span><\/a><\/p>\n","protected":false},"author":1,"featured_media":0,"parent":0,"menu_order":0,"comment_status":"closed","ping_status":"closed","template":"","meta":{"footnotes":""},"class_list":["post-1159","page","type-page","status-publish","hentry"],"_links":{"self":[{"href":"https:\/\/martaberrocal.org\/es\/wp-json\/wp\/v2\/pages\/1159","targetHints":{"allow":["GET"]}}],"collection":[{"href":"https:\/\/martaberrocal.org\/es\/wp-json\/wp\/v2\/pages"}],"about":[{"href":"https:\/\/martaberrocal.org\/es\/wp-json\/wp\/v2\/types\/page"}],"author":[{"embeddable":true,"href":"https:\/\/martaberrocal.org\/es\/wp-json\/wp\/v2\/users\/1"}],"replies":[{"embeddable":true,"href":"https:\/\/martaberrocal.org\/es\/wp-json\/wp\/v2\/comments?post=1159"}],"version-history":[{"count":8,"href":"https:\/\/martaberrocal.org\/es\/wp-json\/wp\/v2\/pages\/1159\/revisions"}],"predecessor-version":[{"id":2447,"href":"https:\/\/martaberrocal.org\/es\/wp-json\/wp\/v2\/pages\/1159\/revisions\/2447"}],"wp:attachment":[{"href":"https:\/\/martaberrocal.org\/es\/wp-json\/wp\/v2\/media?parent=1159"}],"curies":[{"name":"wp","href":"https:\/\/api.w.org\/{rel}","templated":true}]}}

Participación en jornadas y cursos relacionados con la multiculturalidad y la interculturalidad

<p>&nbsp;</p>
<ul>
<li>Participación como docente en el <span style="color: #993366;">curso de Posgrado</span>:  «<em>Relaciones Interculturales y Educación»</em>, con la sesión: <strong><em>Promover buenas relaciones interculturales con la representación del Teatro de Marionetas</em></strong>.  Organizado por el Instituto de Ciencias de la Educación de la Universidad Autónoma de Barcelona en marzo del 2004.</li>
</ul>
<p>&nbsp;</p>
<ul>
<li>Participación en la <span style="color: #993366;">Jornada</span>: <em>“Mujer Gitana: un espacio para la participación&#8217;” </em>presentando:  <strong>U<em>na experiencia educativa con mujeres gitanas</em></strong>. Organizada por La Fundación Secretariado General Gitano, en colaboración con el Institut Català de la Dona. Barcelona, enero del 2003.</li>
</ul>
<p>&nbsp;</p>
<ul>
<li>Participación en los <span style="color: #993366;">encuentros</span>: «Intercambio de experiencias y reflexiones del Programa Multiculturalidad y Educación», presentando la experiencia:  <em><strong>La creación de una compañía de marionetas como  proyecto de formación del Programa de la Renta Mínima (PIRMI-RMI)</strong>.</em> Organizadas por el Instituto de Ciencias de la Educación de la Universitat Autònoma de Barcelona en 2001.</li>
</ul>
<p>&nbsp;</p>
<ul>
<li>Participación en las <em>XXI «<span style="color: #993366;">Jornadas </span>de enseñantes con gitanos»</em>, presentando   la experiencia:<strong> <em>La</em>  <em>Compañía</em></strong><em><strong> de marionetas “Las Tigresas”</strong>. </em>Madrid, septiembre del 2001.</li>
</ul>
<p>&nbsp;</p>
<ul>
<li>Participación en la <em>Primera «<span style="color: #993366;">Jornada</span></em><em> de Reflexión sobre Multiculturalidad y Educación»</em>, en la Mesa de Debate: <em><strong>El profesorado de alumnado de otras culturas en condiciones de marginación</strong></em>. Organizada por el ICE de la Universidad Autónoma de Barcelona los días 28 y 29 de enero del 2000.</li>
</ul>

<p>&nbsp; Participación como docente en el curso de Posgrado:  «Relaciones Interculturales y Educación», con la sesión: Promover buenas relaciones interculturales con la representación del Teatro de Marionetas.  Organizado por el Instituto de Ciencias de la Educación de la Universidad Autónoma de Barcelona en marzo del 2004. &nbsp; Participación en la Jornada: “Mujer Gitana: un espacio &hellip; <a href="https://martaberrocal.org/es/participacion-en-jornadas-y-cursos-relacionados-con-la-multiculturalidad-y-la-interculturalidad/" class="more-link">Seguir leyendo <span class="screen-reader-text">Participación en jornadas y cursos relacionados con la multiculturalidad y la interculturalidad</span> <span class="meta-nav">&rarr;</span></a></p>
