
{"id":1162,"date":"2016-08-05T09:26:48","date_gmt":"2016-08-05T09:26:48","guid":{"rendered":"http:\/\/martaberrocal.org\/es\/?page_id=1162"},"modified":"2017-02-24T10:30:15","modified_gmt":"2017-02-24T10:30:15","slug":"kitscaixa-valores-2","status":"publish","type":"page","link":"https:\/\/martaberrocal.org\/es\/kitscaixa-valores-2\/","title":{"rendered":"Kitscaixa valores"},"content":{"rendered":"<figure id=\"attachment_348\" aria-describedby=\"caption-attachment-348\" style=\"width: 163px\" class=\"wp-caption alignright\"><a href=\"https:\/\/martaberrocal.org\/es\/wp-content\/uploads\/2016\/05\/moble-kitcaixa-valors-Copiar.jpg\"><img loading=\"lazy\" decoding=\"async\" class=\" wp-image-348\" src=\"https:\/\/martaberrocal.org\/es\/wp-content\/uploads\/2016\/05\/moble-kitcaixa-valors-Copiar-187x300.jpg\" alt=\"\" width=\"163\" height=\"261\" srcset=\"https:\/\/martaberrocal.org\/es\/wp-content\/uploads\/2016\/05\/moble-kitcaixa-valors-Copiar-187x300.jpg 187w, https:\/\/martaberrocal.org\/es\/wp-content\/uploads\/2016\/05\/moble-kitcaixa-valors-Copiar.jpg 299w\" sizes=\"auto, (max-width: 163px) 100vw, 163px\" \/><\/a><figcaption id=\"caption-attachment-348\" class=\"wp-caption-text\">KITSCAIXA VALORES . <strong>Obra Social \u00abla Caixa\u00bb <\/p>\n<p><\/strong><\/figcaption><\/figure>\n<p>&nbsp;<\/p>\n<p><strong>Haber participado en el proyecto <a href=\"https:\/\/martaberrocal.org\/es\/?page_id=323\">KITSCAIXA VALORES<\/a>, destinado a trabajar la educaci\u00f3n socioemocional y en valores en la escuela, me dio la oportunidad de realizar sesiones de formaci\u00f3n dirigidas a profesorado de diferentes niveles y especialidades<\/strong>, (la mayor parte de veces coordinadores de convivencia, responsables de valores, etc.) <strong>con el objetivo de que conocieran los recursos did\u00e1cticos del Kit y las ideas b\u00e1sicas en las que se basa. <\/strong>Se \u00a0esperaba que pudieran, no s\u00f3lo utilizar los materiales que lo componen, \u00a0si no tambi\u00e9n hacer difusi\u00f3n entre los docentes y gestionar su pr\u00e9stamo desde los Centros de Profesores correspondientes.<\/p>\n<p><strong>Este proyecto se inscribe dentro de las iniciativas que la Obra Social \u201cla Caixa\u201d lleva a cabo en colaboraci\u00f3n con las Consejer\u00edas de Educaci\u00f3n de diferentes comunidades aut\u00f3nomas<\/strong>.<\/p>\n<p><strong>El proceso de formaci\u00f3n me llev\u00f3 a trabajar con muchos grupos diferentes de profesores, entre los a\u00f1os 2007\u00a0y 2012<\/strong>. Las primeras sesiones estaban dirigidas principalmente a miembros de equipos directivos y coordinadores y las impart\u00ed en los Centros de Profesores, desde los que se gestiona el pr\u00e9stamo de los materiales del KITSCAIXA a los diversos centros escolares adscritos. Ten\u00edan una duraci\u00f3n aproximada de unas dos horas. Tambi\u00e9n impart\u00ed un taller en el marco de un congreso educativo en Galicia.<\/p>\n<p>A medida que el programa se iba implantando tuve tambi\u00e9n oportunidad de realizar sesiones de formaci\u00f3n en algunos centros escolares, e incluso un taller de tres d\u00edas de duraci\u00f3n con profesores gallegos de diversos centros escolares.<\/p>\n<p>Las sesiones las desarrollaba utilizando los propios recursos did\u00e1cticos del KITSCAIXA. Ello las hac\u00eda m\u00e1s participativas y vivenciales y daba la oportunidad de\u00a0experimentar brevemente con algunos de los recursos y constatar as\u00ed la cantidad de posibilidades que puede suscitar su uso en la escuela. Pocas veces, afortunadamente, tuve que recurrir a un <em>power point<\/em>.<\/p>\n<p>Sin duda alguna <strong>me inclino por toda aquella formaci\u00f3n que favorezca la interacci\u00f3n entre los participantes y con la persona que conduzca la sesi\u00f3n<\/strong>. <strong>Para m\u00ed, la proximidad es fundamental.<\/strong><\/p>\n<p>Tal vez alguien pueda pensar que presentar los mismos materiales una y otra vez puede constituir una actividad rutinaria. Nada m\u00e1s lejos de la realidad. Cada sesi\u00f3n es diferente: las personas que asisten, la regi\u00f3n, el clima, el horario de la sesi\u00f3n, el d\u00eda de la semana, y todo un largo etc\u00e9tera convierten cada presentaci\u00f3n en una experiencia \u00fanica.<\/p>\n<p>Afront\u00e9 cada formaci\u00f3n con ilusi\u00f3n y\u00a0con una actitud\u00a0 receptiva a todo aquello que las personas que integraban cada grupo comunicaban a trav\u00e9s de sus intervenciones y tambi\u00e9n de sus gestos, miradas, posturas, etc. Los encuentros propiciaban compartir preocupaciones, dudas e\u00a0inquietudes,\u00a0en torno a la educaci\u00f3n socioemocional y se planteaban tambi\u00e9n muchos interrogantes a los que trat\u00e9 de dar respuesta al momento.<\/p>\n<p>Esta experiencia ha sido\u00a0absolutamente enriquecedora, no s\u00f3lo a nivel profesional, sino tambi\u00e9n personal. Los viajes propician an\u00e9cdotas, aventuras y tambi\u00e9n ir sumando visiones y perspectivas diferentes sobre la vida, que pienso que contribuyen a incrementar la tolerancia y el respeto por todas las personas.<\/p>\n<hr \/>\n<p><strong>De 2007 a 2009 impart\u00ed formaci\u00f3n en: <\/strong><\/p>\n<ul>\n<li>Barcelona, Palma de Mallorca, Santiago de Compostela, Granada, Sevilla, Matar\u00f3, Oviedo, Pamplona, Valladolid, Madrid, Bilbao, Burgos Val\u00e8ncia, Ceuta, La Laguna (Tenerife), Las Palmas de Gran Canaria y Zaragoza<\/li>\n<\/ul>\n<p><strong>En 2010\u00a0y 2011 form\u00e9 profesorado en la comunidad de Castilla:<\/strong><\/p>\n<ul>\n<li>Salamanca, \u00c1vila, Segovia y Le\u00f3n.<\/li>\n<li>Tambi\u00e9n realic\u00e9 una sesi\u00f3n en el Centre de Recursos del Professorat del barrio de Gr\u00e0cia de Barcelona.<\/li>\n<\/ul>\n<p><strong>En 2012 impart\u00ed formaci\u00f3n en: <\/strong><\/p>\n<ul>\n<li>Valencia, Navarra, Txurdinanga, Getxo, Zaratamo, Molina de Segura, Mar Menor, Graus, C\u00f3rdoba, Bilbao, Logro\u00f1o, Vitoria, Ourense, Madrid, C\u00e1ceres, Palencia y Barcelona.<\/li>\n<\/ul>\n","protected":false},"excerpt":{"rendered":"<p>&nbsp; Haber participado en el proyecto KITSCAIXA VALORES, destinado a trabajar la educaci\u00f3n socioemocional y en valores en la escuela, me dio la oportunidad de realizar sesiones de formaci\u00f3n dirigidas a profesorado de diferentes niveles y especialidades, (la mayor parte de veces coordinadores de convivencia, responsables de valores, etc.) con el objetivo de que conocieran &hellip; <a href=\"https:\/\/martaberrocal.org\/es\/kitscaixa-valores-2\/\" class=\"more-link\">Seguir leyendo <span class=\"screen-reader-text\">Kitscaixa valores<\/span> <span class=\"meta-nav\">&rarr;<\/span><\/a><\/p>\n","protected":false},"author":1,"featured_media":0,"parent":0,"menu_order":0,"comment_status":"closed","ping_status":"closed","template":"","meta":{"footnotes":""},"class_list":["post-1162","page","type-page","status-publish","hentry"],"_links":{"self":[{"href":"https:\/\/martaberrocal.org\/es\/wp-json\/wp\/v2\/pages\/1162","targetHints":{"allow":["GET"]}}],"collection":[{"href":"https:\/\/martaberrocal.org\/es\/wp-json\/wp\/v2\/pages"}],"about":[{"href":"https:\/\/martaberrocal.org\/es\/wp-json\/wp\/v2\/types\/page"}],"author":[{"embeddable":true,"href":"https:\/\/martaberrocal.org\/es\/wp-json\/wp\/v2\/users\/1"}],"replies":[{"embeddable":true,"href":"https:\/\/martaberrocal.org\/es\/wp-json\/wp\/v2\/comments?post=1162"}],"version-history":[{"count":6,"href":"https:\/\/martaberrocal.org\/es\/wp-json\/wp\/v2\/pages\/1162\/revisions"}],"predecessor-version":[{"id":2449,"href":"https:\/\/martaberrocal.org\/es\/wp-json\/wp\/v2\/pages\/1162\/revisions\/2449"}],"wp:attachment":[{"href":"https:\/\/martaberrocal.org\/es\/wp-json\/wp\/v2\/media?parent=1162"}],"curies":[{"name":"wp","href":"https:\/\/api.w.org\/{rel}","templated":true}]}}

<figure id="attachment_348" aria-describedby="caption-attachment-348" style="width: 163px" class="wp-caption alignright"><a href="https://martaberrocal.org/es/wp-content/uploads/2016/05/moble-kitcaixa-valors-Copiar.jpg"><img loading="lazy" decoding="async" class=" wp-image-348" src="https://martaberrocal.org/es/wp-content/uploads/2016/05/moble-kitcaixa-valors-Copiar-187x300.jpg" alt="" width="163" height="261" srcset="https://martaberrocal.org/es/wp-content/uploads/2016/05/moble-kitcaixa-valors-Copiar-187x300.jpg 187w, https://martaberrocal.org/es/wp-content/uploads/2016/05/moble-kitcaixa-valors-Copiar.jpg 299w" sizes="auto, (max-width: 163px) 100vw, 163px" /></a><figcaption id="caption-attachment-348" class="wp-caption-text">KITSCAIXA VALORES . <strong>Obra Social «la Caixa» </p>
<p></strong></figcaption></figure>
<p>&nbsp;</p>
<p><strong>Haber participado en el proyecto <a href="https://martaberrocal.org/es/?page_id=323">KITSCAIXA VALORES</a>, destinado a trabajar la educación socioemocional y en valores en la escuela, me dio la oportunidad de realizar sesiones de formación dirigidas a profesorado de diferentes niveles y especialidades</strong>, (la mayor parte de veces coordinadores de convivencia, responsables de valores, etc.) <strong>con el objetivo de que conocieran los recursos didácticos del Kit y las ideas básicas en las que se basa. </strong>Se  esperaba que pudieran, no sólo utilizar los materiales que lo componen,  si no también hacer difusión entre los docentes y gestionar su préstamo desde los Centros de Profesores correspondientes.</p>
<p><strong>Este proyecto se inscribe dentro de las iniciativas que la Obra Social “la Caixa” lleva a cabo en colaboración con las Consejerías de Educación de diferentes comunidades autónomas</strong>.</p>
<p><strong>El proceso de formación me llevó a trabajar con muchos grupos diferentes de profesores, entre los años 2007 y 2012</strong>. Las primeras sesiones estaban dirigidas principalmente a miembros de equipos directivos y coordinadores y las impartí en los Centros de Profesores, desde los que se gestiona el préstamo de los materiales del KITSCAIXA a los diversos centros escolares adscritos. Tenían una duración aproximada de unas dos horas. También impartí un taller en el marco de un congreso educativo en Galicia.</p>
<p>A medida que el programa se iba implantando tuve también oportunidad de realizar sesiones de formación en algunos centros escolares, e incluso un taller de tres días de duración con profesores gallegos de diversos centros escolares.</p>
<p>Las sesiones las desarrollaba utilizando los propios recursos didácticos del KITSCAIXA. Ello las hacía más participativas y vivenciales y daba la oportunidad de experimentar brevemente con algunos de los recursos y constatar así la cantidad de posibilidades que puede suscitar su uso en la escuela. Pocas veces, afortunadamente, tuve que recurrir a un <em>power point</em>.</p>
<p>Sin duda alguna <strong>me inclino por toda aquella formación que favorezca la interacción entre los participantes y con la persona que conduzca la sesión</strong>. <strong>Para mí, la proximidad es fundamental.</strong></p>
<p>Tal vez alguien pueda pensar que presentar los mismos materiales una y otra vez puede constituir una actividad rutinaria. Nada más lejos de la realidad. Cada sesión es diferente: las personas que asisten, la región, el clima, el horario de la sesión, el día de la semana, y todo un largo etcétera convierten cada presentación en una experiencia única.</p>
<p>Afronté cada formación con ilusión y con una actitud  receptiva a todo aquello que las personas que integraban cada grupo comunicaban a través de sus intervenciones y también de sus gestos, miradas, posturas, etc. Los encuentros propiciaban compartir preocupaciones, dudas e inquietudes, en torno a la educación socioemocional y se planteaban también muchos interrogantes a los que traté de dar respuesta al momento.</p>
<p>Esta experiencia ha sido absolutamente enriquecedora, no sólo a nivel profesional, sino también personal. Los viajes propician anécdotas, aventuras y también ir sumando visiones y perspectivas diferentes sobre la vida, que pienso que contribuyen a incrementar la tolerancia y el respeto por todas las personas.</p>
<hr />
<p><strong>De 2007 a 2009 impartí formación en: </strong></p>
<ul>
<li>Barcelona, Palma de Mallorca, Santiago de Compostela, Granada, Sevilla, Mataró, Oviedo, Pamplona, Valladolid, Madrid, Bilbao, Burgos València, Ceuta, La Laguna (Tenerife), Las Palmas de Gran Canaria y Zaragoza</li>
</ul>
<p><strong>En 2010 y 2011 formé profesorado en la comunidad de Castilla:</strong></p>
<ul>
<li>Salamanca, Ávila, Segovia y León.</li>
<li>También realicé una sesión en el Centre de Recursos del Professorat del barrio de Gràcia de Barcelona.</li>
</ul>
<p><strong>En 2012 impartí formación en: </strong></p>
<ul>
<li>Valencia, Navarra, Txurdinanga, Getxo, Zaratamo, Molina de Segura, Mar Menor, Graus, Córdoba, Bilbao, Logroño, Vitoria, Ourense, Madrid, Cáceres, Palencia y Barcelona.</li>
</ul>

<p>&nbsp; Haber participado en el proyecto KITSCAIXA VALORES, destinado a trabajar la educación socioemocional y en valores en la escuela, me dio la oportunidad de realizar sesiones de formación dirigidas a profesorado de diferentes niveles y especialidades, (la mayor parte de veces coordinadores de convivencia, responsables de valores, etc.) con el objetivo de que conocieran &hellip; <a href="https://martaberrocal.org/es/kitscaixa-valores-2/" class="more-link">Seguir leyendo <span class="screen-reader-text">Kitscaixa valores</span> <span class="meta-nav">&rarr;</span></a></p>
