
{"id":1347,"date":"2016-10-21T19:08:00","date_gmt":"2016-10-21T19:08:00","guid":{"rendered":"http:\/\/martaberrocal.org\/es\/?page_id=1347"},"modified":"2017-05-23T09:14:19","modified_gmt":"2017-05-23T09:14:19","slug":"i-concurso-construyendo-valores","status":"publish","type":"page","link":"https:\/\/martaberrocal.org\/es\/i-concurso-construyendo-valores\/","title":{"rendered":"1er concurso \u00abConstruyendo valores\u00bb"},"content":{"rendered":"<p>&nbsp;<\/p>\n<p>En 2010 dise\u00f1\u00e9 el <strong>1er concurso \u00abConstruyendo valores\u00bb,<\/strong> y coordin\u00e9 todo el proceso hasta la resoluci\u00f3n final del jurado en setiembre de 2011.<\/p>\n<figure id=\"attachment_364\" aria-describedby=\"caption-attachment-364\" style=\"width: 183px\" class=\"wp-caption alignright\"><img loading=\"lazy\" decoding=\"async\" class=\"wp-image-364\" src=\"https:\/\/martaberrocal.org\/es\/wp-content\/uploads\/2016\/05\/valores-cmpacto-250x300.png\" alt=\"valores cmpacto\" width=\"183\" height=\"220\" srcset=\"https:\/\/martaberrocal.org\/es\/wp-content\/uploads\/2016\/05\/valores-cmpacto-250x300.png 250w, https:\/\/martaberrocal.org\/es\/wp-content\/uploads\/2016\/05\/valores-cmpacto.png 285w\" sizes=\"auto, (max-width: 183px) 100vw, 183px\" \/><figcaption id=\"caption-attachment-364\" class=\"wp-caption-text\">Materiales del KITCAIXA VALORES compacto<\/figcaption><\/figure>\n<p>El concurso naci\u00f3 fruto de un encargo de la Obra Social de la Fundaci\u00f3n \u201cla Caixa\u201d, con la intenci\u00f3n de incentivar el uso de los KITSCAIXA VALORES compactos <a href=\"https:\/\/martaberrocal.org\/es\/?page_id=323\">(KCVc<\/a>) por parte de los ni\u00f1os y de los j\u00f3venes vinculados a las entidades beneficiarias del <a href=\"https:\/\/obrasociallacaixa.org\/es\/pobreza-accion-social\/pobreza\/pobreza-infantil\/que-hacemos\" target=\"_blank\" rel=\"noopener noreferrer\">Programa \u00abCaixaProinfancia\u00bb<\/a> y de las \u00abCiberCaixa Quedamos al salir de clase\u00bb. El objetivo era potenciar as\u00ed la adquisici\u00f3n y el fortalecimiento, de las cualidades personales que contribuyen a incrementar la autoestima y los valores \u00e9ticos y de convivencia (responsabilidad, compromiso, civismo, etc.), necesarios para una mejor inclusi\u00f3n en la sociedad.<\/p>\n<p>&nbsp;<\/p>\n<p>A trav\u00e9s del concurso se invitaba a los ni\u00f1os y los j\u00f3venes a expresarse creativamente haciendo uso de diferentes lenguajes, sobre la vivencia de sus emociones, sus compromisos con los valores de convivencia, etc. Se establecieron tres categor\u00edas de participaci\u00f3n, atendiendo a las edades y cuatro modalidades: Cuento, dibujo, fotograf\u00eda y proyectos de intervenci\u00f3n. La participaci\u00f3n pod\u00eda ser individual\u00a0o tambi\u00e9n colectiva en el caso de las dos \u00faltimas modalidades.<\/p>\n<p>La imagen que aparece a continuaci\u00f3n fue uno de los dibujos que fueron presentados a concurso. El t\u00edtulo es: <strong>No querer pensar. El ni\u00f1o sin pensamiento<\/strong>.<\/p>\n<figure id=\"attachment_1578\" aria-describedby=\"caption-attachment-1578\" style=\"width: 219px\" class=\"wp-caption aligncenter\"><a href=\"https:\/\/martaberrocal.org\/es\/wp-content\/uploads\/2016\/11\/presentat220_245-Copiar.jpg\"><img loading=\"lazy\" decoding=\"async\" class=\"wp-image-1578 size-medium\" src=\"https:\/\/martaberrocal.org\/es\/wp-content\/uploads\/2016\/11\/presentat220_245-Copiar-219x300.jpg\" alt=\"presentat220_245-copiar\" width=\"219\" height=\"300\" srcset=\"https:\/\/martaberrocal.org\/es\/wp-content\/uploads\/2016\/11\/presentat220_245-Copiar-219x300.jpg 219w, https:\/\/martaberrocal.org\/es\/wp-content\/uploads\/2016\/11\/presentat220_245-Copiar.jpg 438w\" sizes=\"auto, (max-width: 219px) 100vw, 219px\" \/><\/a><figcaption id=\"caption-attachment-1578\" class=\"wp-caption-text\"><strong>NO QUERER PENSAR. El ni\u00f1o sin pensamiento<\/strong><\/figcaption><\/figure>\n<p>No tengo datos sobre su autor, s\u00f3lo s\u00e9 que pertenece a un concursante de M\u00e1laga de la Categor\u00eda B, y que lo tengo registrado con el n\u00famero 220_245.\u00a0 S\u00e9 que finalmente fue uno de los premiados y <strong>quisiera poder decirle lo mucho que me emocion\u00f3 su dibujo. <\/strong><\/p>\n<p>&nbsp;<\/p>\n<p>&nbsp;<\/p>\n","protected":false},"excerpt":{"rendered":"<p>&nbsp; En 2010 dise\u00f1\u00e9 el 1er concurso \u00abConstruyendo valores\u00bb, y coordin\u00e9 todo el proceso hasta la resoluci\u00f3n final del jurado en setiembre de 2011. El concurso naci\u00f3 fruto de un encargo de la Obra Social de la Fundaci\u00f3n \u201cla Caixa\u201d, con la intenci\u00f3n de incentivar el uso de los KITSCAIXA VALORES compactos (KCVc) por parte &hellip; <a href=\"https:\/\/martaberrocal.org\/es\/i-concurso-construyendo-valores\/\" class=\"more-link\">Seguir leyendo <span class=\"screen-reader-text\">1er concurso \u00abConstruyendo valores\u00bb<\/span> <span class=\"meta-nav\">&rarr;<\/span><\/a><\/p>\n","protected":false},"author":1,"featured_media":0,"parent":0,"menu_order":0,"comment_status":"closed","ping_status":"closed","template":"","meta":{"footnotes":""},"class_list":["post-1347","page","type-page","status-publish","hentry"],"_links":{"self":[{"href":"https:\/\/martaberrocal.org\/es\/wp-json\/wp\/v2\/pages\/1347","targetHints":{"allow":["GET"]}}],"collection":[{"href":"https:\/\/martaberrocal.org\/es\/wp-json\/wp\/v2\/pages"}],"about":[{"href":"https:\/\/martaberrocal.org\/es\/wp-json\/wp\/v2\/types\/page"}],"author":[{"embeddable":true,"href":"https:\/\/martaberrocal.org\/es\/wp-json\/wp\/v2\/users\/1"}],"replies":[{"embeddable":true,"href":"https:\/\/martaberrocal.org\/es\/wp-json\/wp\/v2\/comments?post=1347"}],"version-history":[{"count":12,"href":"https:\/\/martaberrocal.org\/es\/wp-json\/wp\/v2\/pages\/1347\/revisions"}],"predecessor-version":[{"id":3293,"href":"https:\/\/martaberrocal.org\/es\/wp-json\/wp\/v2\/pages\/1347\/revisions\/3293"}],"wp:attachment":[{"href":"https:\/\/martaberrocal.org\/es\/wp-json\/wp\/v2\/media?parent=1347"}],"curies":[{"name":"wp","href":"https:\/\/api.w.org\/{rel}","templated":true}]}}

<p>&nbsp;</p>
<p>En 2010 diseñé el <strong>1er concurso «Construyendo valores»,</strong> y coordiné todo el proceso hasta la resolución final del jurado en setiembre de 2011.</p>
<figure id="attachment_364" aria-describedby="caption-attachment-364" style="width: 183px" class="wp-caption alignright"><img loading="lazy" decoding="async" class="wp-image-364" src="https://martaberrocal.org/es/wp-content/uploads/2016/05/valores-cmpacto-250x300.png" alt="valores cmpacto" width="183" height="220" srcset="https://martaberrocal.org/es/wp-content/uploads/2016/05/valores-cmpacto-250x300.png 250w, https://martaberrocal.org/es/wp-content/uploads/2016/05/valores-cmpacto.png 285w" sizes="auto, (max-width: 183px) 100vw, 183px" /><figcaption id="caption-attachment-364" class="wp-caption-text">Materiales del KITCAIXA VALORES compacto</figcaption></figure>
<p>El concurso nació fruto de un encargo de la Obra Social de la Fundación “la Caixa”, con la intención de incentivar el uso de los KITSCAIXA VALORES compactos <a href="https://martaberrocal.org/es/?page_id=323">(KCVc</a>) por parte de los niños y de los jóvenes vinculados a las entidades beneficiarias del <a href="https://obrasociallacaixa.org/es/pobreza-accion-social/pobreza/pobreza-infantil/que-hacemos" target="_blank" rel="noopener noreferrer">Programa «CaixaProinfancia»</a> y de las «CiberCaixa Quedamos al salir de clase». El objetivo era potenciar así la adquisición y el fortalecimiento, de las cualidades personales que contribuyen a incrementar la autoestima y los valores éticos y de convivencia (responsabilidad, compromiso, civismo, etc.), necesarios para una mejor inclusión en la sociedad.</p>
<p>&nbsp;</p>
<p>A través del concurso se invitaba a los niños y los jóvenes a expresarse creativamente haciendo uso de diferentes lenguajes, sobre la vivencia de sus emociones, sus compromisos con los valores de convivencia, etc. Se establecieron tres categorías de participación, atendiendo a las edades y cuatro modalidades: Cuento, dibujo, fotografía y proyectos de intervención. La participación podía ser individual o también colectiva en el caso de las dos últimas modalidades.</p>
<p>La imagen que aparece a continuación fue uno de los dibujos que fueron presentados a concurso. El título es: <strong>No querer pensar. El niño sin pensamiento</strong>.</p>
<figure id="attachment_1578" aria-describedby="caption-attachment-1578" style="width: 219px" class="wp-caption aligncenter"><a href="https://martaberrocal.org/es/wp-content/uploads/2016/11/presentat220_245-Copiar.jpg"><img loading="lazy" decoding="async" class="wp-image-1578 size-medium" src="https://martaberrocal.org/es/wp-content/uploads/2016/11/presentat220_245-Copiar-219x300.jpg" alt="presentat220_245-copiar" width="219" height="300" srcset="https://martaberrocal.org/es/wp-content/uploads/2016/11/presentat220_245-Copiar-219x300.jpg 219w, https://martaberrocal.org/es/wp-content/uploads/2016/11/presentat220_245-Copiar.jpg 438w" sizes="auto, (max-width: 219px) 100vw, 219px" /></a><figcaption id="caption-attachment-1578" class="wp-caption-text"><strong>NO QUERER PENSAR. El niño sin pensamiento</strong></figcaption></figure>
<p>No tengo datos sobre su autor, sólo sé que pertenece a un concursante de Málaga de la Categoría B, y que lo tengo registrado con el número 220_245.  Sé que finalmente fue uno de los premiados y <strong>quisiera poder decirle lo mucho que me emocionó su dibujo. </strong></p>
<p>&nbsp;</p>
<p>&nbsp;</p>

<p>&nbsp; En 2010 diseñé el 1er concurso «Construyendo valores», y coordiné todo el proceso hasta la resolución final del jurado en setiembre de 2011. El concurso nació fruto de un encargo de la Obra Social de la Fundación “la Caixa”, con la intención de incentivar el uso de los KITSCAIXA VALORES compactos (KCVc) por parte &hellip; <a href="https://martaberrocal.org/es/i-concurso-construyendo-valores/" class="more-link">Seguir leyendo <span class="screen-reader-text">1er concurso «Construyendo valores»</span> <span class="meta-nav">&rarr;</span></a></p>
