
{"id":231,"date":"2016-05-20T16:20:08","date_gmt":"2016-05-20T16:20:08","guid":{"rendered":"http:\/\/marta.ecoresiduos.es\/es\/?page_id=231"},"modified":"2016-11-19T21:18:03","modified_gmt":"2016-11-19T21:18:03","slug":"cuaderno-de-mineroactividades","status":"publish","type":"page","link":"https:\/\/martaberrocal.org\/es\/cuaderno-de-mineroactividades\/","title":{"rendered":"Miner\u00eda"},"content":{"rendered":"<p>&nbsp;<\/p>\n<p><strong>Cuaderno de Mineroactividades<\/strong> es un proyecto realizado para el <a href=\"http:\/\/www.meatzaldea.eus\/\" target=\"_blank\">Museo de la Miner\u00eda del Pa\u00eds Vasco<\/a> en 2009. Me encargu\u00e9 de la conceptualizaci\u00f3n, el dise\u00f1o de las actividades y la redacci\u00f3n de los textos. Las ilustraciones son obra de Serafina Balasch.<\/p>\n<p><a href=\"https:\/\/martaberrocal.org\/es\/wp-content\/uploads\/2016\/05\/PORTADA-castellano-Copiar.jpg\"><img loading=\"lazy\" decoding=\"async\" class=\"alignnone wp-image-227 size-medium\" src=\"https:\/\/martaberrocal.org\/es\/wp-content\/uploads\/2016\/05\/PORTADA-castellano-Copiar-300x106.jpg\" alt=\"PORTADA castellano (Copiar)\" width=\"300\" height=\"106\" srcset=\"https:\/\/martaberrocal.org\/es\/wp-content\/uploads\/2016\/05\/PORTADA-castellano-Copiar-300x106.jpg 300w, https:\/\/martaberrocal.org\/es\/wp-content\/uploads\/2016\/05\/PORTADA-castellano-Copiar.jpg 640w\" sizes=\"auto, (max-width: 300px) 100vw, 300px\" \/><\/a><\/p>\n<p>El cuaderno est\u00e1 dirigido a familias con ni\u00f1os o escolares con edades comprendidas entre los 6 y los 12 a\u00f1os. Contiene diferentes actividades y pasatiempos para realizar mientras se visita el museo, relacionadas con los diversos \u00e1mbitos y los elementos expuestos. Permite trabajar en equipo para resolver adivinanzas, encontrar diferencias, etc.<\/p>\n<p>Estas son algunas de las actividades que propone llevar a cabo:<\/p>\n<div id='gallery-1' class='gallery galleryid-231 gallery-columns-3 gallery-size-large'><figure class='gallery-item'>\n\t\t\t<div class='gallery-icon landscape'>\n\t\t\t\t<a href='https:\/\/martaberrocal.org\/es\/wp-content\/uploads\/2016\/11\/10-Las-mazas-copia-Copiar.jpg'><img loading=\"lazy\" decoding=\"async\" width=\"474\" height=\"335\" src=\"https:\/\/martaberrocal.org\/es\/wp-content\/uploads\/2016\/11\/10-Las-mazas-copia-Copiar.jpg\" class=\"attachment-large size-large\" alt=\"\" aria-describedby=\"gallery-1-1571\" srcset=\"https:\/\/martaberrocal.org\/es\/wp-content\/uploads\/2016\/11\/10-Las-mazas-copia-Copiar.jpg 800w, https:\/\/martaberrocal.org\/es\/wp-content\/uploads\/2016\/11\/10-Las-mazas-copia-Copiar-300x212.jpg 300w, https:\/\/martaberrocal.org\/es\/wp-content\/uploads\/2016\/11\/10-Las-mazas-copia-Copiar-768x543.jpg 768w\" sizes=\"auto, (max-width: 474px) 100vw, 474px\" \/><\/a>\n\t\t\t<\/div>\n\t\t\t\t<figcaption class='wp-caption-text gallery-caption' id='gallery-1-1571'>\n\t\t\t\tAyuda al herrero a contar y distinguir las mazas\n\t\t\t\t<\/figcaption><\/figure><figure class='gallery-item'>\n\t\t\t<div class='gallery-icon landscape'>\n\t\t\t\t<a href='https:\/\/martaberrocal.org\/es\/wp-content\/uploads\/2016\/11\/6.-Cascos-copia-Copiar.jpg'><img loading=\"lazy\" decoding=\"async\" width=\"474\" height=\"335\" src=\"https:\/\/martaberrocal.org\/es\/wp-content\/uploads\/2016\/11\/6.-Cascos-copia-Copiar.jpg\" class=\"attachment-large size-large\" alt=\"\" aria-describedby=\"gallery-1-1569\" srcset=\"https:\/\/martaberrocal.org\/es\/wp-content\/uploads\/2016\/11\/6.-Cascos-copia-Copiar.jpg 800w, https:\/\/martaberrocal.org\/es\/wp-content\/uploads\/2016\/11\/6.-Cascos-copia-Copiar-300x212.jpg 300w, https:\/\/martaberrocal.org\/es\/wp-content\/uploads\/2016\/11\/6.-Cascos-copia-Copiar-768x543.jpg 768w\" sizes=\"auto, (max-width: 474px) 100vw, 474px\" \/><\/a>\n\t\t\t<\/div>\n\t\t\t\t<figcaption class='wp-caption-text gallery-caption' id='gallery-1-1569'>\n\t\t\t\t\u00bfA qui\u00e9n pertenece cada casco?\n\t\t\t\t<\/figcaption><\/figure><figure class='gallery-item'>\n\t\t\t<div class='gallery-icon landscape'>\n\t\t\t\t<a href='https:\/\/martaberrocal.org\/es\/wp-content\/uploads\/2016\/11\/2.-Herramientas-Copiar.jpg'><img loading=\"lazy\" decoding=\"async\" width=\"474\" height=\"335\" src=\"https:\/\/martaberrocal.org\/es\/wp-content\/uploads\/2016\/11\/2.-Herramientas-Copiar.jpg\" class=\"attachment-large size-large\" alt=\"\" aria-describedby=\"gallery-1-1568\" srcset=\"https:\/\/martaberrocal.org\/es\/wp-content\/uploads\/2016\/11\/2.-Herramientas-Copiar.jpg 800w, https:\/\/martaberrocal.org\/es\/wp-content\/uploads\/2016\/11\/2.-Herramientas-Copiar-300x212.jpg 300w, https:\/\/martaberrocal.org\/es\/wp-content\/uploads\/2016\/11\/2.-Herramientas-Copiar-768x543.jpg 768w\" sizes=\"auto, (max-width: 474px) 100vw, 474px\" \/><\/a>\n\t\t\t<\/div>\n\t\t\t\t<figcaption class='wp-caption-text gallery-caption' id='gallery-1-1568'>\n\t\t\t\tEncuentra las 3 llaves  de boca fija\n\t\t\t\t<\/figcaption><\/figure>\n\t\t<\/div>\n\n<p>En alg\u00fan momento que desconozco, el cuaderno se dej\u00f3 de editar.<\/p>\n<p>&nbsp;<\/p>\n","protected":false},"excerpt":{"rendered":"<p>&nbsp; Cuaderno de Mineroactividades es un proyecto realizado para el Museo de la Miner\u00eda del Pa\u00eds Vasco en 2009. Me encargu\u00e9 de la conceptualizaci\u00f3n, el dise\u00f1o de las actividades y la redacci\u00f3n de los textos. Las ilustraciones son obra de Serafina Balasch. El cuaderno est\u00e1 dirigido a familias con ni\u00f1os o escolares con edades comprendidas &hellip; <a href=\"https:\/\/martaberrocal.org\/es\/cuaderno-de-mineroactividades\/\" class=\"more-link\">Seguir leyendo <span class=\"screen-reader-text\">Miner\u00eda<\/span> <span class=\"meta-nav\">&rarr;<\/span><\/a><\/p>\n","protected":false},"author":1,"featured_media":0,"parent":0,"menu_order":0,"comment_status":"closed","ping_status":"closed","template":"","meta":{"footnotes":""},"class_list":["post-231","page","type-page","status-publish","hentry"],"_links":{"self":[{"href":"https:\/\/martaberrocal.org\/es\/wp-json\/wp\/v2\/pages\/231","targetHints":{"allow":["GET"]}}],"collection":[{"href":"https:\/\/martaberrocal.org\/es\/wp-json\/wp\/v2\/pages"}],"about":[{"href":"https:\/\/martaberrocal.org\/es\/wp-json\/wp\/v2\/types\/page"}],"author":[{"embeddable":true,"href":"https:\/\/martaberrocal.org\/es\/wp-json\/wp\/v2\/users\/1"}],"replies":[{"embeddable":true,"href":"https:\/\/martaberrocal.org\/es\/wp-json\/wp\/v2\/comments?post=231"}],"version-history":[{"count":7,"href":"https:\/\/martaberrocal.org\/es\/wp-json\/wp\/v2\/pages\/231\/revisions"}],"predecessor-version":[{"id":1573,"href":"https:\/\/martaberrocal.org\/es\/wp-json\/wp\/v2\/pages\/231\/revisions\/1573"}],"wp:attachment":[{"href":"https:\/\/martaberrocal.org\/es\/wp-json\/wp\/v2\/media?parent=231"}],"curies":[{"name":"wp","href":"https:\/\/api.w.org\/{rel}","templated":true}]}}

Minería

<p>&nbsp;</p>
<p><strong>Cuaderno de Mineroactividades</strong> es un proyecto realizado para el <a href="http://www.meatzaldea.eus/" target="_blank">Museo de la Minería del País Vasco</a> en 2009. Me encargué de la conceptualización, el diseño de las actividades y la redacción de los textos. Las ilustraciones son obra de Serafina Balasch.</p>
<p><a href="https://martaberrocal.org/es/wp-content/uploads/2016/05/PORTADA-castellano-Copiar.jpg"><img loading="lazy" decoding="async" class="alignnone wp-image-227 size-medium" src="https://martaberrocal.org/es/wp-content/uploads/2016/05/PORTADA-castellano-Copiar-300x106.jpg" alt="PORTADA castellano (Copiar)" width="300" height="106" srcset="https://martaberrocal.org/es/wp-content/uploads/2016/05/PORTADA-castellano-Copiar-300x106.jpg 300w, https://martaberrocal.org/es/wp-content/uploads/2016/05/PORTADA-castellano-Copiar.jpg 640w" sizes="auto, (max-width: 300px) 100vw, 300px" /></a></p>
<p>El cuaderno está dirigido a familias con niños o escolares con edades comprendidas entre los 6 y los 12 años. Contiene diferentes actividades y pasatiempos para realizar mientras se visita el museo, relacionadas con los diversos ámbitos y los elementos expuestos. Permite trabajar en equipo para resolver adivinanzas, encontrar diferencias, etc.</p>
<p>Estas son algunas de las actividades que propone llevar a cabo:</p>
<div id='gallery-1' class='gallery galleryid-231 gallery-columns-3 gallery-size-large'><figure class='gallery-item'>
			<div class='gallery-icon landscape'>
				<a href='https://martaberrocal.org/es/wp-content/uploads/2016/11/10-Las-mazas-copia-Copiar.jpg'><img loading="lazy" decoding="async" width="474" height="335" src="https://martaberrocal.org/es/wp-content/uploads/2016/11/10-Las-mazas-copia-Copiar.jpg" class="attachment-large size-large" alt="" aria-describedby="gallery-1-1571" srcset="https://martaberrocal.org/es/wp-content/uploads/2016/11/10-Las-mazas-copia-Copiar.jpg 800w, https://martaberrocal.org/es/wp-content/uploads/2016/11/10-Las-mazas-copia-Copiar-300x212.jpg 300w, https://martaberrocal.org/es/wp-content/uploads/2016/11/10-Las-mazas-copia-Copiar-768x543.jpg 768w" sizes="auto, (max-width: 474px) 100vw, 474px" /></a>
			</div>
				<figcaption class='wp-caption-text gallery-caption' id='gallery-1-1571'>
				Ayuda al herrero a contar y distinguir las mazas
				</figcaption></figure><figure class='gallery-item'>
			<div class='gallery-icon landscape'>
				<a href='https://martaberrocal.org/es/wp-content/uploads/2016/11/6.-Cascos-copia-Copiar.jpg'><img loading="lazy" decoding="async" width="474" height="335" src="https://martaberrocal.org/es/wp-content/uploads/2016/11/6.-Cascos-copia-Copiar.jpg" class="attachment-large size-large" alt="" aria-describedby="gallery-1-1569" srcset="https://martaberrocal.org/es/wp-content/uploads/2016/11/6.-Cascos-copia-Copiar.jpg 800w, https://martaberrocal.org/es/wp-content/uploads/2016/11/6.-Cascos-copia-Copiar-300x212.jpg 300w, https://martaberrocal.org/es/wp-content/uploads/2016/11/6.-Cascos-copia-Copiar-768x543.jpg 768w" sizes="auto, (max-width: 474px) 100vw, 474px" /></a>
			</div>
				<figcaption class='wp-caption-text gallery-caption' id='gallery-1-1569'>
				¿A quién pertenece cada casco?
				</figcaption></figure><figure class='gallery-item'>
			<div class='gallery-icon landscape'>
				<a href='https://martaberrocal.org/es/wp-content/uploads/2016/11/2.-Herramientas-Copiar.jpg'><img loading="lazy" decoding="async" width="474" height="335" src="https://martaberrocal.org/es/wp-content/uploads/2016/11/2.-Herramientas-Copiar.jpg" class="attachment-large size-large" alt="" aria-describedby="gallery-1-1568" srcset="https://martaberrocal.org/es/wp-content/uploads/2016/11/2.-Herramientas-Copiar.jpg 800w, https://martaberrocal.org/es/wp-content/uploads/2016/11/2.-Herramientas-Copiar-300x212.jpg 300w, https://martaberrocal.org/es/wp-content/uploads/2016/11/2.-Herramientas-Copiar-768x543.jpg 768w" sizes="auto, (max-width: 474px) 100vw, 474px" /></a>
			</div>
				<figcaption class='wp-caption-text gallery-caption' id='gallery-1-1568'>
				Encuentra las 3 llaves  de boca fija
				</figcaption></figure>
		</div>

<p>En algún momento que desconozco, el cuaderno se dejó de editar.</p>
<p>&nbsp;</p>

<p>&nbsp; Cuaderno de Mineroactividades es un proyecto realizado para el Museo de la Minería del País Vasco en 2009. Me encargué de la conceptualización, el diseño de las actividades y la redacción de los textos. Las ilustraciones son obra de Serafina Balasch. El cuaderno está dirigido a familias con niños o escolares con edades comprendidas &hellip; <a href="https://martaberrocal.org/es/cuaderno-de-mineroactividades/" class="more-link">Seguir leyendo <span class="screen-reader-text">Minería</span> <span class="meta-nav">&rarr;</span></a></p>
