
{"id":332,"date":"2016-05-23T10:51:39","date_gmt":"2016-05-23T10:51:39","guid":{"rendered":"http:\/\/marta.ecoresiduos.es\/es\/?page_id=332"},"modified":"2016-11-04T10:38:27","modified_gmt":"2016-11-04T10:38:27","slug":"proyecto-de-educacion-socioemocional","status":"publish","type":"page","link":"https:\/\/martaberrocal.org\/es\/proyecto-de-educacion-socioemocional\/","title":{"rendered":"PROYECTO DE EDUCACI\u00d3N SOCIOEMOCIONAL"},"content":{"rendered":"<p><img loading=\"lazy\" decoding=\"async\" class=\"alignnone size-medium wp-image-360\" src=\"https:\/\/martaberrocal.org\/es\/wp-content\/uploads\/2016\/05\/educaixa-Copiar-300x100.png\" alt=\"educaixa (Copiar)\" width=\"300\" height=\"100\" srcset=\"https:\/\/martaberrocal.org\/es\/wp-content\/uploads\/2016\/05\/educaixa-Copiar-300x100.png 300w, https:\/\/martaberrocal.org\/es\/wp-content\/uploads\/2016\/05\/educaixa-Copiar.png 640w\" sizes=\"auto, (max-width: 300px) 100vw, 300px\" \/><\/p>\n<p>Proyecto <strong>EDUCACI\u00d3N SOCIOEMOCIONAL<\/strong>. <a href=\"https:\/\/www.educaixa.com\/es\/\" target=\"_blank\">eduCaixa<\/a>. Obra Social \u201cla Caixa\u201d<\/p>\n<p>En 2012 trabajo conjuntamente con Toni Cirera en la adaptaci\u00f3n de los contenidos del KITSCAIXA VALORS al entorno virtual, destinados a formar parte de los recursos de eduCaixa, la plataforma educativa de la Obra Social \u201cla Caixa\u201d. El trabajo de adaptaci\u00f3n finaliza en 2015, y los recursos digitales producidos (que pueden trabajarse en l\u00ednea o previa descarga), as\u00ed como otros relacionados con la educaci\u00f3n socioemocional y en valores, que incluye tambi\u00e9n el KITSCAIXA VALORES, se re\u00fanen bajo el nombre de <strong><a href=\"http:\/\/www.educaixa.com\/es\/-\/proyecto-socioemocional\" target=\"_blank\">Proyecto de educaci\u00f3n socioemocional<\/a>.<\/strong><\/p>\n<p>Los recursos digitales se agrupan en tres bloques:<\/p>\n<ul>\n<li><strong>Recursos para el autoconocimiento: <\/strong>centrados en promover la autoobservaci\u00f3n de los alumnos para que, progresivamente, vayan tomando conciencia de c\u00f3mo son, qu\u00e9 sienten y qu\u00e9 piensan y, a la vez, trabajen en el conocimiento de los dem\u00e1s.<a href=\"https:\/\/www.educaixa.com\/socioemocional\/autoconocimiento\" target=\"_blank\"><img loading=\"lazy\" decoding=\"async\" class=\"wp-image-1451 alignright\" src=\"https:\/\/martaberrocal.org\/es\/wp-content\/uploads\/2016\/05\/autoconocimiento-300x169.jpg\" alt=\"autoconocimiento\" width=\"217\" height=\"122\" srcset=\"https:\/\/martaberrocal.org\/es\/wp-content\/uploads\/2016\/05\/autoconocimiento-300x169.jpg 300w, https:\/\/martaberrocal.org\/es\/wp-content\/uploads\/2016\/05\/autoconocimiento.jpg 327w\" sizes=\"auto, (max-width: 217px) 100vw, 217px\" \/><\/a><\/li>\n<\/ul>\n<p>&nbsp;<\/p>\n<p>&nbsp;<\/p>\n<p>&nbsp;<\/p>\n<ul>\n<li><strong>Recursos para desarrollar habilidades de convivencia: <\/strong>centrados en uno mismo, y tambi\u00e9n en la relaci\u00f3n con los dem\u00e1s, con el fin de promover una buena convivencia entre las personas, que las permita trabajar en equipo, o bien enfrentarse a conflictos, teniendo presente la importancia de gestionar con <a href=\"https:\/\/www.educaixa.com\/socioemocional\/convivencia\" target=\"_blank\"><img loading=\"lazy\" decoding=\"async\" class=\"wp-image-1454 alignright\" src=\"https:\/\/martaberrocal.org\/es\/wp-content\/uploads\/2016\/05\/Habilidades-de-convivencia-300x167.jpg\" alt=\"habilidades-de-convivencia\" width=\"218\" height=\"121\" srcset=\"https:\/\/martaberrocal.org\/es\/wp-content\/uploads\/2016\/05\/Habilidades-de-convivencia-300x167.jpg 300w, https:\/\/martaberrocal.org\/es\/wp-content\/uploads\/2016\/05\/Habilidades-de-convivencia.jpg 327w\" sizes=\"auto, (max-width: 218px) 100vw, 218px\" \/><\/a>responsabilidad las acciones que realizamos.<strong><br \/>\n<\/strong><\/li>\n<\/ul>\n<p>&nbsp;<\/p>\n<p>&nbsp;<\/p>\n<ul>\n<li><strong>Recursos para la interiorizaci\u00f3n y la relajaci\u00f3n:<\/strong> Sencillos ejercicios para aprender a relajarse y a practicar el dialogo interior con el fin de mantener el equilibrio f\u00edsico y mental.<a href=\"https:\/\/www.educaixa.com\/socioemocional\/interiorizacion\" target=\"_blank\"><img loading=\"lazy\" decoding=\"async\" class=\"wp-image-1458 alignright\" src=\"https:\/\/martaberrocal.org\/es\/wp-content\/uploads\/2016\/05\/relax.jpg\" alt=\"relax\" width=\"219\" height=\"122\" \/><\/a><\/li>\n<\/ul>\n<p>&nbsp;<\/p>\n<p>&nbsp;<\/p>\n<p>&nbsp;<\/p>\n<p>El proceso de adaptaci\u00f3n ha permitido reorganizar contenidos, as\u00ed como tambi\u00e9n ampliarlos. No se trata de un trabajo de traducci\u00f3n literal. El medio virtual ofrece posibilidades distintas a los materiales f\u00edsicos que hemos intentado aprovechar para imprimir un car\u00e1cter particular al conjunto de recursos producidos. La mayor parte de recursos son interactivos, pero hay tambi\u00e9n v\u00eddeos y carruseles de im\u00e1genes.<\/p>\n<p>He tenido ocasi\u00f3n de realizar diversas <a href=\"https:\/\/martaberrocal.org\/es\/?page_id=1177\">presentaciones y talleres <\/a>para dar a conocer los recursos y sus posibilidades de aplicaci\u00f3n en contextos diferentes.<\/p>\n<p>&nbsp;<\/p>\n<p>&nbsp;<\/p>\n","protected":false},"excerpt":{"rendered":"<p>Proyecto EDUCACI\u00d3N SOCIOEMOCIONAL. eduCaixa. Obra Social \u201cla Caixa\u201d En 2012 trabajo conjuntamente con Toni Cirera en la adaptaci\u00f3n de los contenidos del KITSCAIXA VALORS al entorno virtual, destinados a formar parte de los recursos de eduCaixa, la plataforma educativa de la Obra Social \u201cla Caixa\u201d. El trabajo de adaptaci\u00f3n finaliza en 2015, y los recursos &hellip; <a href=\"https:\/\/martaberrocal.org\/es\/proyecto-de-educacion-socioemocional\/\" class=\"more-link\">Seguir leyendo <span class=\"screen-reader-text\">PROYECTO DE EDUCACI\u00d3N SOCIOEMOCIONAL<\/span> <span class=\"meta-nav\">&rarr;<\/span><\/a><\/p>\n","protected":false},"author":1,"featured_media":0,"parent":0,"menu_order":0,"comment_status":"closed","ping_status":"closed","template":"","meta":{"footnotes":""},"class_list":["post-332","page","type-page","status-publish","hentry"],"_links":{"self":[{"href":"https:\/\/martaberrocal.org\/es\/wp-json\/wp\/v2\/pages\/332","targetHints":{"allow":["GET"]}}],"collection":[{"href":"https:\/\/martaberrocal.org\/es\/wp-json\/wp\/v2\/pages"}],"about":[{"href":"https:\/\/martaberrocal.org\/es\/wp-json\/wp\/v2\/types\/page"}],"author":[{"embeddable":true,"href":"https:\/\/martaberrocal.org\/es\/wp-json\/wp\/v2\/users\/1"}],"replies":[{"embeddable":true,"href":"https:\/\/martaberrocal.org\/es\/wp-json\/wp\/v2\/comments?post=332"}],"version-history":[{"count":7,"href":"https:\/\/martaberrocal.org\/es\/wp-json\/wp\/v2\/pages\/332\/revisions"}],"predecessor-version":[{"id":1464,"href":"https:\/\/martaberrocal.org\/es\/wp-json\/wp\/v2\/pages\/332\/revisions\/1464"}],"wp:attachment":[{"href":"https:\/\/martaberrocal.org\/es\/wp-json\/wp\/v2\/media?parent=332"}],"curies":[{"name":"wp","href":"https:\/\/api.w.org\/{rel}","templated":true}]}}

PROYECTO DE EDUCACIÓN SOCIOEMOCIONAL

<p><img loading="lazy" decoding="async" class="alignnone size-medium wp-image-360" src="https://martaberrocal.org/es/wp-content/uploads/2016/05/educaixa-Copiar-300x100.png" alt="educaixa (Copiar)" width="300" height="100" srcset="https://martaberrocal.org/es/wp-content/uploads/2016/05/educaixa-Copiar-300x100.png 300w, https://martaberrocal.org/es/wp-content/uploads/2016/05/educaixa-Copiar.png 640w" sizes="auto, (max-width: 300px) 100vw, 300px" /></p>
<p>Proyecto <strong>EDUCACIÓN SOCIOEMOCIONAL</strong>. <a href="https://www.educaixa.com/es/" target="_blank">eduCaixa</a>. Obra Social “la Caixa”</p>
<p>En 2012 trabajo conjuntamente con Toni Cirera en la adaptación de los contenidos del KITSCAIXA VALORS al entorno virtual, destinados a formar parte de los recursos de eduCaixa, la plataforma educativa de la Obra Social “la Caixa”. El trabajo de adaptación finaliza en 2015, y los recursos digitales producidos (que pueden trabajarse en línea o previa descarga), así como otros relacionados con la educación socioemocional y en valores, que incluye también el KITSCAIXA VALORES, se reúnen bajo el nombre de <strong><a href="http://www.educaixa.com/es/-/proyecto-socioemocional" target="_blank">Proyecto de educación socioemocional</a>.</strong></p>
<p>Los recursos digitales se agrupan en tres bloques:</p>
<ul>
<li><strong>Recursos para el autoconocimiento: </strong>centrados en promover la autoobservación de los alumnos para que, progresivamente, vayan tomando conciencia de cómo son, qué sienten y qué piensan y, a la vez, trabajen en el conocimiento de los demás.<a href="https://www.educaixa.com/socioemocional/autoconocimiento" target="_blank"><img loading="lazy" decoding="async" class="wp-image-1451 alignright" src="https://martaberrocal.org/es/wp-content/uploads/2016/05/autoconocimiento-300x169.jpg" alt="autoconocimiento" width="217" height="122" srcset="https://martaberrocal.org/es/wp-content/uploads/2016/05/autoconocimiento-300x169.jpg 300w, https://martaberrocal.org/es/wp-content/uploads/2016/05/autoconocimiento.jpg 327w" sizes="auto, (max-width: 217px) 100vw, 217px" /></a></li>
</ul>
<p>&nbsp;</p>
<p>&nbsp;</p>
<p>&nbsp;</p>
<ul>
<li><strong>Recursos para desarrollar habilidades de convivencia: </strong>centrados en uno mismo, y también en la relación con los demás, con el fin de promover una buena convivencia entre las personas, que las permita trabajar en equipo, o bien enfrentarse a conflictos, teniendo presente la importancia de gestionar con <a href="https://www.educaixa.com/socioemocional/convivencia" target="_blank"><img loading="lazy" decoding="async" class="wp-image-1454 alignright" src="https://martaberrocal.org/es/wp-content/uploads/2016/05/Habilidades-de-convivencia-300x167.jpg" alt="habilidades-de-convivencia" width="218" height="121" srcset="https://martaberrocal.org/es/wp-content/uploads/2016/05/Habilidades-de-convivencia-300x167.jpg 300w, https://martaberrocal.org/es/wp-content/uploads/2016/05/Habilidades-de-convivencia.jpg 327w" sizes="auto, (max-width: 218px) 100vw, 218px" /></a>responsabilidad las acciones que realizamos.<strong><br />
</strong></li>
</ul>
<p>&nbsp;</p>
<p>&nbsp;</p>
<ul>
<li><strong>Recursos para la interiorización y la relajación:</strong> Sencillos ejercicios para aprender a relajarse y a practicar el dialogo interior con el fin de mantener el equilibrio físico y mental.<a href="https://www.educaixa.com/socioemocional/interiorizacion" target="_blank"><img loading="lazy" decoding="async" class="wp-image-1458 alignright" src="https://martaberrocal.org/es/wp-content/uploads/2016/05/relax.jpg" alt="relax" width="219" height="122" /></a></li>
</ul>
<p>&nbsp;</p>
<p>&nbsp;</p>
<p>&nbsp;</p>
<p>El proceso de adaptación ha permitido reorganizar contenidos, así como también ampliarlos. No se trata de un trabajo de traducción literal. El medio virtual ofrece posibilidades distintas a los materiales físicos que hemos intentado aprovechar para imprimir un carácter particular al conjunto de recursos producidos. La mayor parte de recursos son interactivos, pero hay también vídeos y carruseles de imágenes.</p>
<p>He tenido ocasión de realizar diversas <a href="https://martaberrocal.org/es/?page_id=1177">presentaciones y talleres </a>para dar a conocer los recursos y sus posibilidades de aplicación en contextos diferentes.</p>
<p>&nbsp;</p>
<p>&nbsp;</p>

<p>Proyecto EDUCACIÓN SOCIOEMOCIONAL. eduCaixa. Obra Social “la Caixa” En 2012 trabajo conjuntamente con Toni Cirera en la adaptación de los contenidos del KITSCAIXA VALORS al entorno virtual, destinados a formar parte de los recursos de eduCaixa, la plataforma educativa de la Obra Social “la Caixa”. El trabajo de adaptación finaliza en 2015, y los recursos &hellip; <a href="https://martaberrocal.org/es/proyecto-de-educacion-socioemocional/" class="more-link">Seguir leyendo <span class="screen-reader-text">PROYECTO DE EDUCACIÓN SOCIOEMOCIONAL</span> <span class="meta-nav">&rarr;</span></a></p>
