
{"id":953,"date":"2016-07-21T16:03:57","date_gmt":"2016-07-21T16:03:57","guid":{"rendered":"http:\/\/martaberrocal.org\/es\/?page_id=953"},"modified":"2017-03-21T16:04:40","modified_gmt":"2017-03-21T16:04:40","slug":"arte-y-alzheimer","status":"publish","type":"page","link":"https:\/\/martaberrocal.org\/es\/arte-y-alzheimer\/","title":{"rendered":"Arte y alzheimer"},"content":{"rendered":"<p>&nbsp;<\/p>\n<p>Esta p\u00e1gina no estaba programada inicialmente.<\/p>\n<p><a href=\"https:\/\/martaberrocal.org\/es\/wp-content\/uploads\/R-IMG_20151118_155008-Copiar.jpg\"><img loading=\"lazy\" decoding=\"async\" class=\"size-medium wp-image-2722 alignleft\" src=\"https:\/\/martaberrocal.org\/es\/wp-content\/uploads\/R-IMG_20151118_155008-Copiar-300x231.jpg\" alt=\"\" width=\"300\" height=\"231\" srcset=\"https:\/\/martaberrocal.org\/es\/wp-content\/uploads\/R-IMG_20151118_155008-Copiar-300x231.jpg 300w, https:\/\/martaberrocal.org\/es\/wp-content\/uploads\/R-IMG_20151118_155008-Copiar.jpg 600w\" sizes=\"auto, (max-width: 300px) 100vw, 300px\" \/><\/a><\/p>\n<p>Me va a dar pie a hablar de un proyecto personal que bien podr\u00eda convertirse en un proyecto profesional.<\/p>\n<p>Habr\u00e1 que esperar a que decida y sepa c\u00f3mo quiero construir el relato, para poder conocerlo.<\/p>\n<p><strong>Os invito a volver a la p\u00e1gina m\u00e1s adelante.<\/strong><\/p>\n<p style=\"text-align: center;\">*<\/p>\n<p><span style=\"color: #339966;\"><span style=\"color: #ff6600;\">No he querido cambiar el texto original de esta p\u00e1gina por si alguien ha aceptado mi invitaci\u00f3n a volver.<\/span> \u00a0<\/span><\/p>\n<p><strong>Ya he empezado a construir el relato de mi proyecto personal y os invito a conocerlo leyendo el <a href=\"https:\/\/martaberrocal.org\/es\/blog\/\">blog<\/a><\/strong>. Lo pod\u00e9is hacer a trav\u00e9s de los art\u00edculos de la secci\u00f3n <strong>\u201c<a href=\"https:\/\/martaberrocal.org\/es\/category\/creatividad-y-alzheimer\/\">Creatividad y alzh\u00e9imer<\/a>\u201d<\/strong>. \u00a0Recomiendo leerlos en orden inverso a como aparecen, siguiendo el orden cronol\u00f3gico en el que los escribo.<\/p>\n","protected":false},"excerpt":{"rendered":"<p>&nbsp; Esta p\u00e1gina no estaba programada inicialmente. Me va a dar pie a hablar de un proyecto personal que bien podr\u00eda convertirse en un proyecto profesional. Habr\u00e1 que esperar a que decida y sepa c\u00f3mo quiero construir el relato, para poder conocerlo. Os invito a volver a la p\u00e1gina m\u00e1s adelante. * No he querido &hellip; <a href=\"https:\/\/martaberrocal.org\/es\/arte-y-alzheimer\/\" class=\"more-link\">Seguir leyendo <span class=\"screen-reader-text\">Arte y alzheimer<\/span> <span class=\"meta-nav\">&rarr;<\/span><\/a><\/p>\n","protected":false},"author":1,"featured_media":0,"parent":0,"menu_order":0,"comment_status":"closed","ping_status":"closed","template":"","meta":{"footnotes":""},"class_list":["post-953","page","type-page","status-publish","hentry"],"_links":{"self":[{"href":"https:\/\/martaberrocal.org\/es\/wp-json\/wp\/v2\/pages\/953","targetHints":{"allow":["GET"]}}],"collection":[{"href":"https:\/\/martaberrocal.org\/es\/wp-json\/wp\/v2\/pages"}],"about":[{"href":"https:\/\/martaberrocal.org\/es\/wp-json\/wp\/v2\/types\/page"}],"author":[{"embeddable":true,"href":"https:\/\/martaberrocal.org\/es\/wp-json\/wp\/v2\/users\/1"}],"replies":[{"embeddable":true,"href":"https:\/\/martaberrocal.org\/es\/wp-json\/wp\/v2\/comments?post=953"}],"version-history":[{"count":11,"href":"https:\/\/martaberrocal.org\/es\/wp-json\/wp\/v2\/pages\/953\/revisions"}],"predecessor-version":[{"id":2723,"href":"https:\/\/martaberrocal.org\/es\/wp-json\/wp\/v2\/pages\/953\/revisions\/2723"}],"wp:attachment":[{"href":"https:\/\/martaberrocal.org\/es\/wp-json\/wp\/v2\/media?parent=953"}],"curies":[{"name":"wp","href":"https:\/\/api.w.org\/{rel}","templated":true}]}}

<p>&nbsp;</p>
<p>Esta página no estaba programada inicialmente.</p>
<p><a href="https://martaberrocal.org/es/wp-content/uploads/R-IMG_20151118_155008-Copiar.jpg"><img loading="lazy" decoding="async" class="size-medium wp-image-2722 alignleft" src="https://martaberrocal.org/es/wp-content/uploads/R-IMG_20151118_155008-Copiar-300x231.jpg" alt="" width="300" height="231" srcset="https://martaberrocal.org/es/wp-content/uploads/R-IMG_20151118_155008-Copiar-300x231.jpg 300w, https://martaberrocal.org/es/wp-content/uploads/R-IMG_20151118_155008-Copiar.jpg 600w" sizes="auto, (max-width: 300px) 100vw, 300px" /></a></p>
<p>Me va a dar pie a hablar de un proyecto personal que bien podría convertirse en un proyecto profesional.</p>
<p>Habrá que esperar a que decida y sepa cómo quiero construir el relato, para poder conocerlo.</p>
<p><strong>Os invito a volver a la página más adelante.</strong></p>
<p style="text-align: center;">*</p>
<p><span style="color: #339966;"><span style="color: #ff6600;">No he querido cambiar el texto original de esta página por si alguien ha aceptado mi invitación a volver.</span>  </span></p>
<p><strong>Ya he empezado a construir el relato de mi proyecto personal y os invito a conocerlo leyendo el <a href="https://martaberrocal.org/es/blog/">blog</a></strong>. Lo podéis hacer a través de los artículos de la sección <strong>“<a href="https://martaberrocal.org/es/category/creatividad-y-alzheimer/">Creatividad y alzhéimer</a>”</strong>.  Recomiendo leerlos en orden inverso a como aparecen, siguiendo el orden cronológico en el que los escribo.</p>

<p>&nbsp; Esta página no estaba programada inicialmente. Me va a dar pie a hablar de un proyecto personal que bien podría convertirse en un proyecto profesional. Habrá que esperar a que decida y sepa cómo quiero construir el relato, para poder conocerlo. Os invito a volver a la página más adelante. * No he querido &hellip; <a href="https://martaberrocal.org/es/arte-y-alzheimer/" class="more-link">Seguir leyendo <span class="screen-reader-text">Arte y alzheimer</span> <span class="meta-nav">&rarr;</span></a></p>
