
{"id":99,"date":"2016-05-17T16:25:04","date_gmt":"2016-05-17T16:25:04","guid":{"rendered":"http:\/\/marta.ecoresiduos.es\/?page_id=99"},"modified":"2017-03-09T13:12:43","modified_gmt":"2017-03-09T13:12:43","slug":"expressartmuseo-portatil-para-jardin-de-infancia","status":"publish","type":"page","link":"https:\/\/martaberrocal.org\/es\/expressartmuseo-portatil-para-jardin-de-infancia\/","title":{"rendered":"ExpressArt. Museo Port\u00e1til para Jard\u00edn de Infancia"},"content":{"rendered":"<p>&nbsp;<\/p>\n<figure id=\"attachment_39\" aria-describedby=\"caption-attachment-39\" style=\"width: 265px\" class=\"wp-caption alignleft\"><img loading=\"lazy\" decoding=\"async\" class=\"wp-image-39 \" src=\"https:\/\/martaberrocal.org\/es\/wp-content\/uploads\/2016\/05\/Rrr-DSC00766-Copiar-300x295.jpg\" alt=\"Caja de objetos del proyecto ExpressArt para Jard\u00edn de Infancia\" width=\"265\" height=\"260\" srcset=\"https:\/\/martaberrocal.org\/es\/wp-content\/uploads\/2016\/05\/Rrr-DSC00766-Copiar-300x295.jpg 300w, https:\/\/martaberrocal.org\/es\/wp-content\/uploads\/2016\/05\/Rrr-DSC00766-Copiar.jpg 611w\" sizes=\"auto, (max-width: 265px) 100vw, 265px\" \/><figcaption id=\"caption-attachment-39\" class=\"wp-caption-text\">Caja de objetos del proyecto ExpressArt para Jard\u00edn de Infancia. Curso 2015-16<\/figcaption><\/figure>\n<p><a href=\"http:\/\/www.macba.cat\/es\/expressart-jardines-de-infancia-2016\" target=\"_blank\"><strong>ExpressArt. Museo port\u00e1til para Jard\u00edn de Infancia <\/strong><\/a>\u00a0es un proyecto realizado para el MACBA en el a\u00f1o 2015. Actualmente lleva dos cursos escolares en funcionamiento.<\/p>\n<p>El proyecto <strong>ExpressArt para Jard\u00edn de Infancia<\/strong> constituye una adaptaci\u00f3n del proyecto <a href=\"https:\/\/martaberrocal.org\/es\/expressart-museo-portatil\/\">ExpressArt. Museo Port\u00e1til<\/a> para infantil y primaria que fue creado el a\u00f1o 2005, y de la misma manera que \u00e9ste, nace de considerar el arte contempor\u00e1neo como un generador inagotable de aprendizajes diversos y toma como punto de partida la Colecci\u00f3n del MACBA.<\/p>\n<p>Est\u00e1 dirigido a ni\u00f1os de 2 a 3 a\u00f1os y sus maestras y educadoras.<\/p>\n<p>ExpressArt se ha concebido como un <strong>proyecto hol\u00edstico<\/strong> que implica a todas las \u00e1reas de experiencia y desarrollo en que se estructura el curr\u00edculum, y que <strong>quiere contribuir al desarrollo integral de los ni\u00f1os<\/strong>.<\/p>\n<p>ExpressArt es un proyecto absolutamente <strong>flexible<\/strong> que permite adaptarse a las necesidades de los ni\u00f1os, a su grado de madurez y habilidades y tambi\u00e9n a sus ritmos vitales. Tambi\u00e9n ha nacido con la voluntad de que cada educador que lo utilice se lo haga suyo y lo desarrolle como mejor crea, con libertad y sin limitaciones.<\/p>\n<p>El proyecto proporciona recursos para promover\u00a0en la escuela,actividades de exploraci\u00f3n y vivencias de cariz l\u00fadico y creativo que contribuyan al desarrollo integral de los ni\u00f1os que participen, en contacte con el arte contempor\u00e1neo. En segundo lugar el proyecto propone una visita al MACBA para ver en directo las obras de arte que previamente habr\u00e1n sido el punto de partida de las actividades desarrolladas en el aula y que tambi\u00e9n se pueden continuar despu\u00e9s de la visita.<\/p>\n<p>ExpressArt quiere contribuir al desarrollo de las capacidades propias de los ni\u00f1os de esta edad, estimulando las actividades que en ellos son espont\u00e1neas y que se caracterizan por una actitud activa de exploraci\u00f3n de todo aquello que tienen a su alcance, utilizando sus posibilidades motoras, sensoriales, emocionales, cognitivas y comunicativas para conocer su entorno. En un primer momento, las actividades que se propone desarrollar a partir de los objetos y otros materiales que forman parte del proyecto, tienen por objeto facilitar la interacci\u00f3n espont\u00e1nea con estos.\u00a0Despu\u00e9s, siguiendo el hilo de la curiosidad y el inter\u00e9s que despierten en los ni\u00f1os, los materiales se convierten en el punto de partida para llevar a cabo otras actividades relacionadas con todo aquello que se considere oportuno y tambi\u00e9n con el trabajo de los artistas contempor\u00e1neos vinculados al proyecto.<\/p>\n<p>La viista al museo en un segundo momento es clave, porque abre la posibilidad de desarrollar actividades de exploraci\u00f3n y descubierta en un espacio desconocido por los ni\u00f1os.<\/p>\n<p><strong>El objetivo m\u00e1s importante es que tanto los ni\u00f1os como los educadores DISFRUTEN de la experiencia y del contacto con el arte contempor\u00e1neo, tanto a trav\u00e9s de las actividades que se lleven a cabo en la escuela como en la visita al museo.<\/strong><\/p>\n<p><span style=\"color: #ff6600;\">La actualizaci\u00f3n de los materiales del proyecto para el curso escolar 2016-17, corre a cargo del equipo de educaci\u00f3n del MACBA.<\/span><\/p>\n<p>&nbsp;<\/p>\n","protected":false},"excerpt":{"rendered":"<p>&nbsp; ExpressArt. Museo port\u00e1til para Jard\u00edn de Infancia \u00a0es un proyecto realizado para el MACBA en el a\u00f1o 2015. Actualmente lleva dos cursos escolares en funcionamiento. El proyecto ExpressArt para Jard\u00edn de Infancia constituye una adaptaci\u00f3n del proyecto ExpressArt. Museo Port\u00e1til para infantil y primaria que fue creado el a\u00f1o 2005, y de la misma &hellip; <a href=\"https:\/\/martaberrocal.org\/es\/expressartmuseo-portatil-para-jardin-de-infancia\/\" class=\"more-link\">Seguir leyendo <span class=\"screen-reader-text\">ExpressArt. Museo Port\u00e1til para Jard\u00edn de Infancia<\/span> <span class=\"meta-nav\">&rarr;<\/span><\/a><\/p>\n","protected":false},"author":1,"featured_media":0,"parent":0,"menu_order":0,"comment_status":"closed","ping_status":"closed","template":"","meta":{"footnotes":""},"class_list":["post-99","page","type-page","status-publish","hentry"],"_links":{"self":[{"href":"https:\/\/martaberrocal.org\/es\/wp-json\/wp\/v2\/pages\/99","targetHints":{"allow":["GET"]}}],"collection":[{"href":"https:\/\/martaberrocal.org\/es\/wp-json\/wp\/v2\/pages"}],"about":[{"href":"https:\/\/martaberrocal.org\/es\/wp-json\/wp\/v2\/types\/page"}],"author":[{"embeddable":true,"href":"https:\/\/martaberrocal.org\/es\/wp-json\/wp\/v2\/users\/1"}],"replies":[{"embeddable":true,"href":"https:\/\/martaberrocal.org\/es\/wp-json\/wp\/v2\/comments?post=99"}],"version-history":[{"count":13,"href":"https:\/\/martaberrocal.org\/es\/wp-json\/wp\/v2\/pages\/99\/revisions"}],"predecessor-version":[{"id":2600,"href":"https:\/\/martaberrocal.org\/es\/wp-json\/wp\/v2\/pages\/99\/revisions\/2600"}],"wp:attachment":[{"href":"https:\/\/martaberrocal.org\/es\/wp-json\/wp\/v2\/media?parent=99"}],"curies":[{"name":"wp","href":"https:\/\/api.w.org\/{rel}","templated":true}]}}

ExpressArt. Museo Portátil para Jardín de Infancia

<p>&nbsp;</p>
<figure id="attachment_39" aria-describedby="caption-attachment-39" style="width: 265px" class="wp-caption alignleft"><img loading="lazy" decoding="async" class="wp-image-39 " src="https://martaberrocal.org/es/wp-content/uploads/2016/05/Rrr-DSC00766-Copiar-300x295.jpg" alt="Caja de objetos del proyecto ExpressArt para Jardín de Infancia" width="265" height="260" srcset="https://martaberrocal.org/es/wp-content/uploads/2016/05/Rrr-DSC00766-Copiar-300x295.jpg 300w, https://martaberrocal.org/es/wp-content/uploads/2016/05/Rrr-DSC00766-Copiar.jpg 611w" sizes="auto, (max-width: 265px) 100vw, 265px" /><figcaption id="caption-attachment-39" class="wp-caption-text">Caja de objetos del proyecto ExpressArt para Jardín de Infancia. Curso 2015-16</figcaption></figure>
<p><a href="http://www.macba.cat/es/expressart-jardines-de-infancia-2016" target="_blank"><strong>ExpressArt. Museo portátil para Jardín de Infancia </strong></a> es un proyecto realizado para el MACBA en el año 2015. Actualmente lleva dos cursos escolares en funcionamiento.</p>
<p>El proyecto <strong>ExpressArt para Jardín de Infancia</strong> constituye una adaptación del proyecto <a href="https://martaberrocal.org/es/expressart-museo-portatil/">ExpressArt. Museo Portátil</a> para infantil y primaria que fue creado el año 2005, y de la misma manera que éste, nace de considerar el arte contemporáneo como un generador inagotable de aprendizajes diversos y toma como punto de partida la Colección del MACBA.</p>
<p>Está dirigido a niños de 2 a 3 años y sus maestras y educadoras.</p>
<p>ExpressArt se ha concebido como un <strong>proyecto holístico</strong> que implica a todas las áreas de experiencia y desarrollo en que se estructura el currículum, y que <strong>quiere contribuir al desarrollo integral de los niños</strong>.</p>
<p>ExpressArt es un proyecto absolutamente <strong>flexible</strong> que permite adaptarse a las necesidades de los niños, a su grado de madurez y habilidades y también a sus ritmos vitales. También ha nacido con la voluntad de que cada educador que lo utilice se lo haga suyo y lo desarrolle como mejor crea, con libertad y sin limitaciones.</p>
<p>El proyecto proporciona recursos para promover en la escuela,actividades de exploración y vivencias de cariz lúdico y creativo que contribuyan al desarrollo integral de los niños que participen, en contacte con el arte contemporáneo. En segundo lugar el proyecto propone una visita al MACBA para ver en directo las obras de arte que previamente habrán sido el punto de partida de las actividades desarrolladas en el aula y que también se pueden continuar después de la visita.</p>
<p>ExpressArt quiere contribuir al desarrollo de las capacidades propias de los niños de esta edad, estimulando las actividades que en ellos son espontáneas y que se caracterizan por una actitud activa de exploración de todo aquello que tienen a su alcance, utilizando sus posibilidades motoras, sensoriales, emocionales, cognitivas y comunicativas para conocer su entorno. En un primer momento, las actividades que se propone desarrollar a partir de los objetos y otros materiales que forman parte del proyecto, tienen por objeto facilitar la interacción espontánea con estos. Después, siguiendo el hilo de la curiosidad y el interés que despierten en los niños, los materiales se convierten en el punto de partida para llevar a cabo otras actividades relacionadas con todo aquello que se considere oportuno y también con el trabajo de los artistas contemporáneos vinculados al proyecto.</p>
<p>La viista al museo en un segundo momento es clave, porque abre la posibilidad de desarrollar actividades de exploración y descubierta en un espacio desconocido por los niños.</p>
<p><strong>El objetivo más importante es que tanto los niños como los educadores DISFRUTEN de la experiencia y del contacto con el arte contemporáneo, tanto a través de las actividades que se lleven a cabo en la escuela como en la visita al museo.</strong></p>
<p><span style="color: #ff6600;">La actualización de los materiales del proyecto para el curso escolar 2016-17, corre a cargo del equipo de educación del MACBA.</span></p>
<p>&nbsp;</p>

<p>&nbsp; ExpressArt. Museo portátil para Jardín de Infancia  es un proyecto realizado para el MACBA en el año 2015. Actualmente lleva dos cursos escolares en funcionamiento. El proyecto ExpressArt para Jardín de Infancia constituye una adaptación del proyecto ExpressArt. Museo Portátil para infantil y primaria que fue creado el año 2005, y de la misma &hellip; <a href="https://martaberrocal.org/es/expressartmuseo-portatil-para-jardin-de-infancia/" class="more-link">Seguir leyendo <span class="screen-reader-text">ExpressArt. Museo Portátil para Jardín de Infancia</span> <span class="meta-nav">&rarr;</span></a></p>
